000
CXUS55 KVEF 011641 CCA
CLMBIH

CLIMATE REPORT
NATIONAL WEATHER SERVICE LAS VEGAS, NV
941 AM PDT WED APR 1 2015

...................................

...THE BISHOP CA CLIMATE SUMMARY FOR THE MONTH OF MARCH 2015...

CLIMATE NORMAL PERIOD 1981 TO 2010
CLIMATE RECORD PERIOD 1943 TO 2015

WEATHER         OBSERVED          NORMAL  DEPART  LAST YEAR`S
                 VALUE   DATE(S)  VALUE   FROM    VALUE  DATE(S)
                                          NORMAL
................................................................
TEMPERATURE (F)
RECORD
 HIGH              87   03/31/1966
 LOW                9   03/01/2007
                        03/02/1971
                        03/01/1969
HIGHEST            85   03/30        64      21       78  03/16
                        03/28
                        03/27
LOWEST             18   03/05        30     -12       24  03/19
AVG. MAXIMUM     74.8              65.5     9.3     68.1
AVG. MINIMUM     35.3              31.2     4.1     33.2
MEAN             55.0              48.3     6.7     50.7
DAYS MAX >= 90      0               0.0     0.0        0
DAYS MAX <= 32      0               0.0     0.0        0
DAYS MIN <= 32     11              16.4    -5.4       14
DAYS MIN <= 0       0               0.0     0.0        0

PRECIPITATION (INCHES)
RECORD
 MAXIMUM         2.94   1991
 MINIMUM         0.00   2008
                        1997
                        1990
TOTALS           0.01              0.53   -0.52     0.04
DAILY AVG.       0.00              0.02   -0.02     0.00
DAYS >= .01         1               2.9    -1.9        2
DAYS >= .10         0               1.3    -1.3        0
DAYS >= .50         0               0.2    -0.2        0
DAYS >= 1.00        0               0.1    -0.1        0
GREATEST
 24 HR. TOTAL    0.01   03/01 TO 03/01

SNOWFALL (INCHES)
RECORDS
 TOTAL           14.5   1952
 24 HR TOTAL      7.5
TOTALS              T               0.9    -0.9      0.0
SINCE 7/1           T
SNOWDEPTH AVG.      0
DAYS >= TRACE       1
DAYS >= 1.0         0
GREATEST
 SNOW DEPTH         0
 24 HR TOTAL        T   03/01 TO 03/01
 STORM TOTAL        T   03/01 TO 03/01
 (MM/DD(HH))

DEGREE_DAYS
HEATING TOTAL     300               516    -216      435
 SINCE 7/1       2741              3723    -982     3385
COOLING TOTAL       0                 0       0        0
 SINCE 1/1          0                 0       0        0

FREEZE DATES
RECORD
 EARLIEST     09/20/1986
 LATEST       06/07/1988
EARLIEST                        10/15
LATEST                          05/03
.................................................................

WIND (MPH)
AVERAGE WIND SPEED              7.4
HIGHEST WIND SPEED/DIRECTION    28/360    DATE  03/24
HIGHEST GUST SPEED/DIRECTION    36/360    DATE  03/03

SKY COVER
POSSIBLE SUNSHINE (PERCENT)   MM
AVERAGE SKY COVER           0.10
NUMBER OF DAYS FAIR           28
NUMBER OF DAYS PC              2
NUMBER OF DAYS CLOUDY          1

AVERAGE RH (PERCENT)     30

WEATHER CONDITIONS. NUMBER OF DAYS WITH
THUNDERSTORM              0     MIXED PRECIP               0
HEAVY RAIN                0     RAIN                       0
LIGHT RAIN                1     FREEZING RAIN              0
LT FREEZING RAIN          0     HAIL                       0
HEAVY SNOW                0     SNOW                       0
LIGHT SNOW                1     SLEET                      0
FOG                       1     FOG W/VIS <= 1/4 MILE      0
HAZE                      1

-  INDICATES NEGATIVE NUMBERS.
R  INDICATES RECORD WAS SET OR TIED.
MM INDICATES DATA IS MISSING.
T  INDICATES TRACE AMOUNT.

$$
