000
CXUS56 KSEW 011035
CLMBLI


CLIMATE REPORT
NATIONAL WEATHER SERVICE SEATTLE WA
335 AM PDT WED APR 1 2015

...................................

...THE BELLINGHAM WA AIRPORT CLIMATE SUMMARY FOR THE MONTH OF MARCH 2015...

CLIMATE NORMAL PERIOD 1981 TO 2010
CLIMATE RECORD PERIOD 1949 TO 2015

WEATHER         OBSERVED          NORMAL  DEPART  LAST YEAR`S
                 VALUE   DATE(S)  VALUE   FROM    VALUE  DATE(S)
                                          NORMAL
................................................................
TEMPERATURE (F)
RECORD
 HIGH              76   03/29/2004
 LOW               10   03/10/1951
HIGHEST            65   03/26        MM      MM       62  03/31
                        03/13                             03/24
LOWEST             24   03/04        MM      MM       29  03/01
AVG. MAXIMUM     56.7              52.2     4.5     52.2
AVG. MINIMUM     40.3              36.3     4.0     39.1
MEAN             48.5              44.2     4.3     45.6
DAYS MAX >= 90      0               0.0     0.0        0
DAYS MAX <= 32      0               0.2    -0.2        0
DAYS MIN <= 32      8               7.4     0.6        4
DAYS MIN <= 0       0               0.0     0.0        0

PRECIPITATION (INCHES)
RECORD
 MAXIMUM         7.02   1950
 MINIMUM         0.76   1965
TOTALS           4.77              3.22    1.55     5.39
DAILY AVG.       0.15              0.10    0.05     0.17
DAYS >= .01        17              17.0     0.0       20
DAYS >= .10        11               9.6     1.4       13
DAYS >= .50         2               1.1     0.9        4
DAYS >= 1.00        2               0.1     1.9        0
GREATEST
 24 HR. TOTAL    1.15   03/25 TO 03/25

DEGREE_DAYS
HEATING TOTAL     503               643    -140      593
COOLING TOTAL       0                 0       0        0
 SINCE 1/1          0                 0       0        0
.................................................................

WIND (MPH)
AVERAGE WIND SPEED              5.4
HIGHEST WIND SPEED/DIRECTION    31/150    DATE  03/30
HIGHEST GUST SPEED/DIRECTION   104/090    DATE  03/24

SKY COVER
POSSIBLE SUNSHINE (PERCENT)   MM
AVERAGE SKY COVER           0.50
NUMBER OF DAYS FAIR            9
NUMBER OF DAYS PC             12
NUMBER OF DAYS CLOUDY         10

AVERAGE RH (PERCENT)     72

WEATHER CONDITIONS. NUMBER OF DAYS WITH
THUNDERSTORM              0     MIXED PRECIP               0
HEAVY RAIN                1     RAIN                       6
LIGHT RAIN               19     FREEZING RAIN              0
LT FREEZING RAIN          0     HAIL                       0
HEAVY SNOW                0     SNOW                       0
LIGHT SNOW                0     SLEET                      0
FOG                      18     FOG W/VIS <= 1/4 MILE      6
HAZE                      0

-  INDICATES NEGATIVE NUMBERS.
R  INDICATES RECORD WAS SET OR TIED.
MM INDICATES DATA IS MISSING.
T  INDICATES TRACE AMOUNT.

$$
