000
CXUS56 KBOI 011641
CLMBNO


CLIMATE REPORT
NATIONAL WEATHER SERVICE BOISE ID
1040 AM MDT WED APR 1 2015

...................................

...THE BURNS OR CLIMATE SUMMARY FOR THE MONTH OF MARCH 2015...

CLIMATE NORMAL PERIOD 1981 TO 2010
CLIMATE RECORD PERIOD 1939 TO 2015

WEATHER         OBSERVED          NORMAL  DEPART
                 VALUE   DATE(S)  VALUE   FROM
                                          NORMAL
................................................
TEMPERATURE (F)
HIGHEST            76R  03/27        MM      MM
LOWEST             11   03/04        MM      MM
AVG. MAXIMUM     59.3              49.3    10.0
AVG. MINIMUM     26.2              25.4     0.8
MEAN             42.7              37.3     5.4
DAYS MAX >= 90      0
DAYS MAX <= 32      0
DAYS MIN <= 32     25
DAYS MIN <= 0       0

PRECIPITATION (INCHES)
RECORD
 MAXIMUM         3.66   1983
TOTALS           0.95              1.09   -0.14
DAYS >= .01         8
DAYS >= .10         4
DAYS >= .50         0
DAYS >= 1.00        0
GREATEST
 24 HR. TOTAL    0.37   03/23 TO 03/23

DEGREE_DAYS
HEATING TOTAL     682               857    -175
 SINCE 7/1       5156              6385   -1229
COOLING TOTAL       0                 0       0
 SINCE 1/1          0                 0       0
.................................................

WIND (MPH)
AVERAGE WIND SPEED              6.3
RESULTANT WIND SPEED/DIRECTION   3/246
HIGHEST WIND SPEED/DIRECTION    37/250    DATE  03/28
HIGHEST GUST SPEED/DIRECTION    49/180    DATE  03/15

AVERAGE RH (PERCENT)     57


-  INDICATES NEGATIVE NUMBERS.
R  INDICATES RECORD WAS SET OR TIED.
MM INDICATES DATA IS MISSING.
T  INDICATES TRACE AMOUNT.

$$
