000
CXUS44 KBRO 011530
CLMBRO


CLIMATE REPORT
NATIONAL WEATHER SERVICE BROWNSVILLE TX
1013 AM CDT FRI MAY 1 2015

...................................

...THE BROWNSVILLE CLIMATE SUMMARY FOR THE MONTH OF APRIL 2015...

CLIMATE NORMAL PERIOD 1981 TO 2010
CLIMATE RECORD PERIOD 1878 TO 2015

WEATHER         OBSERVED          NORMAL  DEPART  LAST YEAR`S
                 VALUE   DATE(S)  VALUE   FROM    VALUE  DATE(S)
                                          NORMAL
................................................................
TEMPERATURE (F)
HIGHEST            96   04/25        94       2      100  04/28
LOWEST             54   04/30        49       5       46  04/16
AVG. MAXIMUM     84.2              83.7     0.5     83.8
AVG. MINIMUM     70.1              65.9     4.2     65.5
MEAN             77.1              74.8     2.3     74.5
DAYS MAX >= 90      1               3.4    -2.4        3
DAYS MAX <= 32      0               0.0     0.0        0
DAYS MIN <= 32      0               0.0     0.0        0
DAYS MIN <= 0       0               0.0     0.0        0

PRECIPITATION (INCHES)
TOTALS           1.73              1.54    0.19     0.28
DAILY AVG.       0.06              0.05    0.01     0.01
DAYS >= .01        10               4.0     6.0        1
DAYS >= .10         4               2.1     1.9        1
DAYS >= .50         1               0.7     0.3        0
DAYS >= 1.00        0               0.3    -0.3        0
GREATEST
 24 HR. TOTAL    0.98   04/12 TO 04/13

DEGREE_DAYS
HEATING TOTAL       0                 8      -8       10
 SINCE 7/1        690               554     136      824
COOLING TOTAL     373               302      71      291
 SINCE 1/1        554               617     -63      534
.................................................................

WIND (MPH)
AVERAGE WIND SPEED              10.8
HIGHEST WIND SPEED/DIRECTION    31/130    DATE  04/12
HIGHEST GUST SPEED/DIRECTION    38/130    DATE  04/12

SKY COVER
POSSIBLE SUNSHINE (PERCENT)   MM
AVERAGE SKY COVER           0.70
NUMBER OF DAYS FAIR            3
NUMBER OF DAYS PC             14
NUMBER OF DAYS CLOUDY         13

AVERAGE RH (PERCENT)     80

WEATHER CONDITIONS. NUMBER OF DAYS WITH
THUNDERSTORM              0     MIXED PRECIP               0
HEAVY RAIN                2     RAIN                       2
LIGHT RAIN               13     FREEZING RAIN              0
LT FREEZING RAIN          0     HAIL                       0
HEAVY SNOW                0     SNOW                       0
LIGHT SNOW                0     SLEET                      0
FOG                      27     FOG W/VIS <= 1/4 MILE      4
HAZE                     16

-  INDICATES NEGATIVE NUMBERS.
R  INDICATES RECORD WAS SET OR TIED.
MM INDICATES DATA IS MISSING.
T  INDICATES TRACE AMOUNT.

$$
