000
CXUS54 KMRX 031245
CLMCHA

CLIMATE REPORT
NATIONAL WEATHER SERVICE MORRISTOWN TN
844 AM EDT FRI APR 3 2015

...................................

...THE CHATTANOOGA CLIMATE SUMMARY FOR THE MONTH OF MARCH 2015...

CLIMATE NORMAL PERIOD 1981 TO 2010
CLIMATE RECORD PERIOD 1879 TO 2015

WEATHER         OBSERVED          NORMAL  DEPART
                 VALUE   DATE(S)  VALUE   FROM
                                          NORMAL
................................................
TEMPERATURE (F)
HIGHEST            81   03/17
                        03/16
LOWEST             22   03/06
AVG. MAXIMUM     65.4              63.7     1.7
AVG. MINIMUM     43.7              40.7     3.0
MEAN             54.5              52.2     2.3
DAYS MAX >= 90      0
DAYS MAX <= 32      0
DAYS MIN <= 32      6
DAYS MIN <= 0       0

PRECIPITATION (INCHES)
RECORD
 MAXIMUM        16.32   1980
 MINIMUM         0.93   1910
TOTALS           4.17              4.98   -0.81
DAYS >= .01        17
DAYS >= .10        12
DAYS >= .50         2
DAYS >= 1.00        0
GREATEST
 24 HR. TOTAL    0.76   03/05 TO 03/05

SNOWFALL (INCHES)
TOTALS            0.0               1.2    -1.2
SINCE 7/1         9.5
SNOWDEPTH AVG.      0
DAYS >= TRACE       0
GREATEST
 SNOW DEPTH         0   MM

DEGREE_DAYS
HEATING TOTAL     319               404     -85
 SINCE 7/1       3152              3026     126
COOLING TOTAL       2                 7      -5
 SINCE 1/1          2                 7      -5
.................................................



-  INDICATES NEGATIVE NUMBERS.
R  INDICATES RECORD WAS SET OR TIED.
MM INDICATES DATA IS MISSING.
T  INDICATES TRACE AMOUNT.

$$
