000
CXUS52 KILM 030905
CLMCRE


CLIMATE REPORT
NATIONAL WEATHER SERVICE WILMINGTON NC
504 AM EDT FRI APR 3 2015

...................................

...THE NORTH MYRTLE BEACH SC CLIMATE SUMMARY FOR THE MONTH OF MARCH 2015...

CLIMATE NORMAL PERIOD 1981 TO 2010
CLIMATE RECORD PERIOD 1949 TO 2015

WEATHER         OBSERVED          NORMAL  DEPART  LAST YEAR`S
                 VALUE   DATE(S)  VALUE   FROM    VALUE  DATE(S)
                                          NORMAL
................................................................
TEMPERATURE (F)
RECORD
 HIGH              88   03/29/2012
 LOW               21   03/04/2009
                        03/09/1996
                        03/15/1993
HIGHEST            84   03/17                         73  03/31
                                                          03/15
                                                          03/12
LOWEST             27   03/07                         25  03/04
AVG. MAXIMUM     64.4              64.1     0.3     60.6
AVG. MINIMUM     46.3              44.3     2.0     40.0
MEAN             55.3              54.2     1.1     50.3
DAYS MAX >= 90      0               0.0     0.0        0
DAYS MAX <= 32      0               0.0     0.0        0
DAYS MIN <= 32      2               2.6    -0.6        5
DAYS MIN <= 0       0               0.0     0.0        0

PRECIPITATION (INCHES)
TOTALS           2.43              3.92   -1.49     4.74
DAILY AVG.       0.08              0.13   -0.05     0.15
DAYS >= .01        13                                 11
DAYS >= .10         9                                  7
DAYS >= .50         0                                  2
DAYS >= 1.00        0                                  2
GREATEST
 24 HR. TOTAL    0.40   03/26 TO 03/26

DEGREE_DAYS
HEATING TOTAL     300               338     -38      448
COOLING TOTAL       7                 3       4        0
..........................................................

WIND (MPH)
AVERAGE WIND SPEED              8.6
RESULTANT WIND SPEED/DIRECTION   1/160
HIGHEST WIND SPEED/DIRECTION    29/220    DATE  03/05
HIGHEST GUST SPEED/DIRECTION    37/210    DATE  03/05

SKY COVER
POSSIBLE SUNSHINE (PERCENT)   MM
AVERAGE SKY COVER           0.50
NUMBER OF DAYS FAIR           10
NUMBER OF DAYS PC             13
NUMBER OF DAYS CLOUDY          8

AVERAGE RH (PERCENT)     71

WEATHER CONDITIONS. NUMBER OF DAYS WITH
THUNDERSTORM              1     MIXED PRECIP              MM
HEAVY RAIN                5     RAIN                       8
LIGHT RAIN               18     FREEZING RAIN              0
LT FREEZING RAIN          0     HAIL                       0
HEAVY SNOW                0     SNOW                       0
LIGHT SNOW                0     SLEET                     MM
FOG                      17     FOG W/VIS <= 1/4 MILE      7
HAZE                      3

-  INDICATES NEGATIVE NUMBERS.
R  INDICATES RECORD WAS SET OR TIED.
MM INDICATES DATA IS MISSING.
T  INDICATES TRACE AMOUNT.

$$
