000
CXUS52 KCHS 021320
CLMCXM

CLIMATE REPORT
NATIONAL WEATHER SERVICE CHARLESTON SC
904 AM EDT THU APR 2 2015

...................................

...THE DOWNTOWN CHARLESTON SC CLIMATE SUMMARY FOR THE MONTH OF MARCH 2015...

CLIMATE NORMAL PERIOD 1981 TO 2010
CLIMATE RECORD PERIOD 1870 TO 2015

WEATHER         OBSERVED          NORMAL  DEPART  LAST YEAR`S
                 VALUE   DATE(S)  VALUE   FROM    VALUE  DATE(S)
                                          NORMAL
................................................................
TEMPERATURE (F)
RECORD
 HIGH              94   03/23/1907
 LOW               22   03/03/1980
HIGHEST            84   03/17                         77  03/10
                                                          03/23
LOWEST             37   03/07                         33  03/04
AVG. MAXIMUM     67.0              65.0     2.0     62.8
AVG. MINIMUM     51.1              51.6    -0.5     46.6
MEAN             59.1              58.3     0.8     54.7
DAYS MAX >= 90      0               0.0     0.0        0
DAYS MAX <= 32      0               0.0     0.0        0
DAYS MIN <= 32      0               0.2    -0.2        0
DAYS MIN <= 0       0               0.0     0.0        0

PRECIPITATION (INCHES)
RECORD
 MAXIMUM        10.51   1944
 MINIMUM         0.33   1938
TOTALS           2.92              3.30   -0.38     5.26
DAYS >= .01         8               7.8     0.2       12
DAYS >= .10         7               4.9     2.1        8
DAYS >= .50         1               2.2    -1.2        2
DAYS >= 1.00        0               0.8    -0.8        1
GREATEST
 24 HR. TOTAL    0.99   03/19

DEGREE_DAYS
HEATING TOTAL     188               226     -38      313
 SINCE 7/1       1669              1656      13     1200
COOLING TOTAL      14                19      -5        1
 SINCE 1/1         17                23      -6        1
..............................................................

WIND (MPH)
AVERAGE WIND SPEED              8.5
HIGHEST WIND SPEED/DIRECTION    22/030    DATE  03/29
HIGHEST GUST SPEED/DIRECTION    29/020    DATE  03/29



-  INDICATES NEGATIVE NUMBERS.
R  INDICATES RECORD WAS SET OR TIED.
MM INDICATES DATA IS MISSING.
T  INDICATES TRACE AMOUNT.

&&

NO RECORDS WERE ESTABLISHED THIS MONTH.

$$
