000
CXUS52 KMLB 011306
CLMDAB


CLIMATE REPORT
NATIONAL WEATHER SERVICE MELBOURNE FL
843 AM EDT FRI MAY 1 2015

...................................

...THE DAYTONA BEACH CLIMATE SUMMARY FOR THE MONTH OF APRIL 2015...

CLIMATE NORMAL PERIOD 1981 TO 2010
CLIMATE RECORD PERIOD 1923 TO 2015

WEATHER         OBSERVED          NORMAL  DEPART  LAST YEAR`S
                 VALUE   DATE(S)  VALUE   FROM    VALUE
                                          NORMAL
.............................................................
TEMPERATURE (F)
MONTHLY RECORD
 WARMEST         75.3   2015
 COOLEST         63.7   1950
DAILY RECORD
 HIGH              96   04/24/1968
 LOW               32   04/14/1940
APRIL 2015
HIGHEST            90   04/19                         91
LOWEST             62   04/04                         48
AVG. MAXIMUM     83.7              79.2     4.5     80.9
AVG. MINIMUM     66.9              58.6     8.3     60.8
MEAN             75.3              68.9     6.4     70.8
DAYS MAX >= 90      1               0.8     0.2        1
DAYS MAX <= 32      0               0.0     0.0        0
DAYS MIN <= 32      0               0.0     0.0        0
DAYS MIN <= 0       0               0.0     0.0        0

PRECIPITATION (INCHES)
MONTHLY RECORD
 MAXIMUM         7.12   1949
 MINIMUM            T   1967
DAILY RECORD
 MAXIMUM         4.07   04/05/1931
APRIL 2015
TOTALS           5.43              2.18    3.25     4.34
DAYS >= .01        13               5.8     7.2        8
DAYS >= .10         7               3.5     3.5        5
DAYS >= .50         4               1.3     2.7        4
DAYS >= 1.00        2               0.6     1.4        1
GREATEST
 24 HR. TOTAL    2.77   04/12 TO 04/13

SNOWFALL (INCHES)
TOTALS            0.0               0.0     0.0      0.0
SINCE 7/1         0.0               0.0     0.0      0.0
DAYS >= TRACE       0                                  0

DEGREE_DAYS
HEATING TOTAL       0                28     -28        9
 SINCE 7/1        682               807    -125      602
COOLING TOTAL     315               145     170      192
 SINCE 1/1        545               287     258      335
..............................................................

WIND (MPH)
AVERAGE WIND SPEED              6.1
HIGHEST WIND SPEED/DIRECTION    29/310    DATE  04/20
HIGHEST GUST SPEED/DIRECTION    40/320    DATE  04/20

SKY COVER
POSSIBLE SUNSHINE (PERCENT)   MM
AVERAGE SKY COVER           0.60
NUMBER OF DAYS FAIR            4
NUMBER OF DAYS PC             16
NUMBER OF DAYS CLOUDY         10

AVERAGE RH (PERCENT)     77

WEATHER CONDITIONS. NUMBER OF DAYS WITH
THUNDERSTORM              7     MIXED PRECIP               0
HEAVY RAIN                6     RAIN                       6
LIGHT RAIN               16     LT FREEZING RAIN           0
HAIL                      0     LIGHT SNOW                 0
SLEET                     0     FOG                       25
FOG W/VIS <= 1/4 MILE     1     HAZE                       7

-  INDICATES NEGATIVE NUMBERS.
R  INDICATES RECORD WAS SET OR TIED.
MM INDICATES DATA IS MISSING.
T  INDICATES TRACE AMOUNT.

$$

ULRICH
