000
CXUS55 KBOU 011153
CLMDEN

CLIMATE REPORT
NATIONAL WEATHER SERVICE BOULDER, CO
552 AM MDT FRI MAY 1 2015

...................................

...THE DENVER CO CLIMATE SUMMARY FOR THE MONTH OF APRIL 2015...

CLIMATE NORMAL PERIOD 1981 TO 2010
CLIMATE RECORD PERIOD 1872 TO 2015

WEATHER         OBSERVED          NORMAL  DEPART  LAST YEAR`S
                 VALUE   DATE(S)  VALUE   FROM    VALUE  DATE(S)
                                          NORMAL
................................................................
TEMPERATURE (F)
RECORD
 HIGH              90   04/30/1992
 LOW               -2   04/02/1975
HIGHEST            79   04/30                         80  04/22
LOWEST             27   04/03                         18  04/14
AVG. MAXIMUM     62.1              61.5     0.6     62.8
AVG. MINIMUM     35.3              33.3     2.0     35.2
MEAN             48.7              47.4     1.3     49.0
DAYS MAX >= 90      0               0.0     0.0        0
DAYS MAX <= 32      0               0.3    -0.3        0
DAYS MIN <= 32      7              13.0    -6.0       10
DAYS MIN <= 0       0               0.0     0.0        0

PRECIPITATION (INCHES)
RECORD
 MAXIMUM         8.24   1900
 MINIMUM         0.03   1963
TOTALS           2.65              1.71    0.94     1.24
DAILY AVG.       0.09              0.06    0.03     0.04
DAYS >= .01         9               9.1    -0.1        6
DAYS >= .10         6               4.5     1.5        5
DAYS >= .50         2               0.9     1.1        0
DAYS >= 1.00        1               0.5     0.5        0
GREATEST
 24 HR. TOTAL    1.41   04/16 TO 04/17           04/02 TO 04/03

SNOWFALL (INCHES)
RECORDS
TOTAL            33.8   1933
TOTALS            5.3               6.8

DEGREE_DAYS
HEATING TOTAL     481               529     -48      472
 SINCE 7/1       5205              5731    -526     5730
COOLING TOTAL       0                 1      -1        0
 SINCE 1/1          0                 1      -1        0

FREEZE DATES
RECORD
 EARLIEST     09/08/1962
 LATEST       06/08/2007
EARLIEST                        10/07
LATEST                          05/05
....................................................

WIND (MPH)
AVERAGE WIND SPEED              10.7
HIGHEST WIND SPEED/DIRECTION    41/350    DATE  04/15
HIGHEST GUST SPEED/DIRECTION    52/280    DATE  04/12

SKY COVER
POSSIBLE SUNSHINE (PERCENT)   MM
AVERAGE SKY COVER           0.60
NUMBER OF DAYS FAIR            7
NUMBER OF DAYS PC             16
NUMBER OF DAYS CLOUDY          7

AVERAGE RH (PERCENT)     58

WEATHER CONDITIONS. NUMBER OF DAYS WITH
THUNDERSTORM              6     MIXED PRECIP               0
HEAVY RAIN                2     RAIN                       7
LIGHT RAIN               11     FREEZING RAIN              0
LT FREEZING RAIN          0     HAIL                       1
HEAVY SNOW                1     SNOW                       3
LIGHT SNOW                4     SLEET                      0
FOG                      10     FOG W/VIS <= 1/4 MILE      5
HAZE                      3

-  INDICATES NEGATIVE NUMBERS.
R  INDICATES RECORD WAS SET OR TIED.
MM INDICATES DATA IS MISSING.
T  INDICATES TRACE AMOUNT.

..........APRIL 2015 WETTER AND WARMER THAN NORMAL..........

AFTER A DRY MARCH...MUCH NEEDED PRECIPITATION FELL IN DENVER DURING
THE MONTH OF APRIL. TEMPERATURES WERE JUST ABOVE NORMAL WITH NO
LARGE TEMPERATURE SWINGS DURING THE MONTH. THE FIRST HALF OF THE
MONTH WAS WARMER AND DRIER THAN NORMAL WITH TWELVE OUT OF THE FIRST
FIFTEEN DAYS HAVING ABOVE NORMAL TEMPERATURES AND ONLY 0.28 INCHES
OF PRECIPITATION DURING THIS PERIOD.

THE LATTER HALF OF APRIL TURNED COOLER AND MUCH WETTER AS A COUPLE
OF LARGE STORM STORM SYSTEMS MOVED ACROSS THE REGION. A LARGE FOUR
CORNERS LOW DEVELOPED ON THE 16TH AND SLOWLY TRACKED ACROSS SOUTHERN
AND CENTRAL COLORADO THROUGH THE 18TH. THIS SYSTEM BROUGHT
BENEFICIAL RAIN AND SNOW TO THE FRONT RANGE URBAN CORRIDOR. DENVER
MEASURED 1.52 INCHES OF PRECIPITATION WITH THIS STORM ALONG WITH 4.1
INCHES OF SNOWFALL. ONE TO THREE FEET OF HEAVY WET SNOW FELL IN THE
FOOTHILLS WEST OF DENVER AS WELL.

ANOTHER CLOSED LOW DEVELOPED OVER WESTERN NEW MEXICO ON THE 26TH AND
TRACKED INTO THE TEXAS PANHANDLE BY THE 27TH. THIS SYSTEM BROUGHT
COOLER TEMPERATURES AND AN ADDITIONAL 0.84 INCHES OF PRECIPITATION
TO DENVER PRECIPITATION FROM THE 26TH THROUGH THE 27TH...WITH NO
SNOW MEASURED AT DENVER INTERNATIONAL AIRPORT. HOWEVER...6 TO 12
INCHES OF SNOW FELL IN THE MOUNTAINS AND FOOTHILLS WITH AS MUCH AS
18 INCHES IN PARK COUNTY.

TEMPERATURES:

THE AVERAGE TEMPERATURE AT DENVER INTERNATIONAL AIRPORT FOR THE
MONTH OF APRIL WAS 48.7 DEGREES F WHICH WAS 1.3 DEGREES ABOVE
NORMAL. APRIL OF 1981 WAS THE WARMEST APRIL ON RECORD...WITH AN
AVERAGE TEMPERATURE OF 56.4 DEGREES F.  THE COLDEST APRIL ON RECORD
WAS 38.8 DEGREES F BACK IN 1920. THE HIGHEST TEMPERATURE OF THE
MONTH WAS 79 DEGREES WHICH OCCURRED ON THE 30TH. THE COLDEST
TEMPERATURE OF THE MONTH WAS 27 DEGREES ON THE MORNING OF THE 3RD.

PRECIPITATION:

PRECIPITATION FOR THE MONTH OF APRIL AT DENVER INTERNATIONAL AIRPORT
WAS 2.65 INCHES...WHICH IS 0.94 INCHES ABOVE THE NORMAL OF 1.71
INCHES. THERE WERE 9 DAYS WITH MEASURABLE PRECIPITATION. ON THE
16TH...1.22 INCHES OF PRECIPITATION FELL WHICH IS THE GREATEST DAILY
AMOUNT FOR THE MONTH.

TEN WETTEST APRIL`S IN DENVER WEATHER HISTORY SINCE 1872:

8.24 INCHES 1900
5.86 INCHES 1999
4.95 INCHES 1905
4.94 INCHES 1885
4.13 INCHES 1957
4.09 INCHES 1933
4.07 INCHES 1935
4.01 INCHES 1942
3.95 INCHES 1967
3.75 INCHES 1914

10 DRIEST APRIL`S IN DENVER WEATHER HISTORY SINCE 1872:

0.03 INCHES 1963
0.05 INCHES 1878
0.23 INCHES 2002
0.31 INCHES 1880
0.32 INCHES 2008
0.33 INCHES 1996
0.34 INCHES 1982
0.39 INCHES 1908
0.40 INCHES 1925
0.48 INCHES 1955

SNOW:

5.3 INCHES OF SNOW WAS MEASURED AT DENVER INTERNATIONAL AIRPORT
DURING THE MONTH...WHICH IS 1.5 INCHES BELOW THE NORMAL OF 6.8
INCHES. 4.1 INCHES OF SNOW WAS MEASURED AT DENVER INTERNATIONAL
AIRPORT ON THE 16TH...WHICH IS THE GREATEST DAILY SNOWFALL FOR THE
MONTH.

TEN GREATEST MONTHLY APRIL SNOWFALL AMOUNTS IN DENVER WEATHER
HISTORY SINCE 1872:

33.8 INCHES 1933
32.0 INCHES 1885
28.3 INCHES 1920
28.2 INCHES 1945
25.5 INCHES 1957
25.4 INCHES 1909
25.0 INCHES 1907
24.8 INCHES 1973
23.3 INCHES 1935
20.4 INCHES 2013

THIRTEEN LEAST MONTHLY APRIL SNOWFALL AMOUNTS IN DENVER WEATHER
HISTORY SINCE 1872:

0   INCHES 1995, 1992, 1943, 1930
T   INCHES 2002, 1969, 1946, 1925, 1915, 1910, 1889, 1888, 1887

THERE WERE 6 DAYS IN WHICH THUNDER AND ONE DAY WITH HAIL WAS
OBSERVED AT DENVER INTERNATIONAL AIRPORT. THERE WERE 5 DAYS WITH
DENSE FOG WITH A VISIBILITY AT OR BELOW 1/4 MILE DURING THE MONTH. A
PEAK WIND OF 52 MPH FROM A WESTERLY DIRECTION WAS RECORDED ON THE
12TH.

$$
