000
CXUS54 KFWD 010848
CLMDFW

CLIMATE REPORT
NATIONAL WEATHER SERVICE FORT WORTH TX
340 AM CDT FRI MAY 1 2015

...................................

...THE DALLAS FORT WORTH CLIMATE SUMMARY FOR THE MONTH OF APRIL 2015...

CLIMATE NORMAL PERIOD 1981 TO 2010
CLIMATE RECORD PERIOD 1898 TO 2015

WEATHER         OBSERVED          NORMAL  DEPART  LAST YEAR`S
                 VALUE   DATE(S)  VALUE   FROM    VALUE  DATE(S)
                                          NORMAL
................................................................
TEMPERATURE (F)
RECORD
 HIGH             101   04/17/2006
 LOW               29   04/11/1989
HIGHEST            87   04/25        89      -2       91  04/27
LOWEST             46   04/20        38       8       35  04/15
AVG. MAXIMUM     74.6              76.3    -1.7     76.6
AVG. MINIMUM     56.9              54.8     2.1     55.9
MEAN             65.8              65.5     0.3     66.2
DAYS MAX >= 90      0               0.7    -0.7        1
DAYS MAX <= 32      0               0.0     0.0        0
DAYS MAX >= 100     0                                  0
DAYS MIN <= 32      0               0.1    -0.1        0
DAYS MIN <= 0       0               0.0     0.0        0
DAYS MIN >= 80      0                                  0

PRECIPITATION (INCHES)
RECORD
 MAXIMUM        17.64   1922
 MINIMUM         0.11   1987
TOTALS           5.56              3.07    2.49     1.74
DAILY AVG.       0.19              0.10    0.09     0.06
DAYS >= .01        14               6.6     7.4        7
DAYS >= .10         8               4.3     3.7        3
DAYS >= .50         6               2.2     3.8        2
DAYS >= 1.00        2               1.0     1.0        0
GREATEST
 24 HR. TOTAL    1.09   04/12 TO 04/13              0.60

SNOWFALL (INCHES)
RECORDS
 TOTAL              T   2007
                        1938
                        1928
 24 HR TOTAL        T   04/07/2007 TO 04/07/2007
                        04/07/1938 TO 04/08/1938
                        04/14/1928 TO 04/14/1928
TOTALS            0.0               0.0     0.0      0.0
SINCE 7/1         5.8               1.2     4.6      2.9
SNOWDEPTH AVG.      0                MM      MM        0
DAYS >= TRACE       0                                  0
DAYS >= 1.0         0               0.0     0.0        0
GREATEST
 SNOW DEPTH         0   MM                             0  MM
 24 HR TOTAL      0.0                                0.0

DEGREE_DAYS
HEATING TOTAL      56                83     -27      100
 SINCE 7/1       2393              2276     117     2594
COOLING TOTAL      89                99     -10      145
 SINCE 1/1        123               138     -15      167
.................................................................

WIND (MPH)
AVERAGE WIND SPEED              10.9
HIGHEST WIND SPEED/DIRECTION    44/290    DATE  04/18
HIGHEST GUST SPEED/DIRECTION    55/290    DATE  04/18

SKY COVER
POSSIBLE SUNSHINE (PERCENT)   MM
AVERAGE SKY COVER           0.70
NUMBER OF DAYS FAIR            4
NUMBER OF DAYS PC             11
NUMBER OF DAYS CLOUDY         15

AVERAGE RH (PERCENT)     73

WEATHER CONDITIONS. NUMBER OF DAYS WITH
THUNDERSTORM             12     MIXED PRECIP               0
HEAVY RAIN                5     RAIN                       8
LIGHT RAIN               19     FREEZING RAIN              0
LT FREEZING RAIN          0     HAIL                       0
HEAVY SNOW                0     SNOW                       0
LIGHT SNOW                0     SLEET                      0
FOG                      13     FOG W/VIS <= 1/4 MILE      2
HAZE                      3

-  INDICATES NEGATIVE NUMBERS.
R  INDICATES RECORD WAS SET OR TIED.
MM INDICATES DATA IS MISSING.
T  INDICATES TRACE AMOUNT.

$$
