000
CXUS54 KAMA 011212
CLMDHT


CLIMATE REPORT
NATIONAL WEATHER SERVICE AMARILLO TX
708 AM CDT WED APR 1 2015

...................................

...THE DALHART CLIMATE SUMMARY FOR THE MONTH OF MARCH 2015...

CLIMATE NORMAL PERIOD 1981 TO 2010
CLIMATE RECORD PERIOD 1894 TO 2015

WEATHER         OBSERVED          NORMAL  DEPART  LAST YEAR`S
                 VALUE   DATE(S)  VALUE   FROM    VALUE  DATE(S)
                                          NORMAL
................................................................
TEMPERATURE (F)
RECORD
 HIGH              90   03/25/2012
                        03/11/1989
                        03/10/1989
 LOW                0   03/03/1960
HIGHEST            84   03/28                         81  03/30
                        03/16
LOWEST             11   03/05                          4  03/03
AVG. MAXIMUM     65.3              61.2     4.1     62.9
AVG. MINIMUM     33.0              29.4     3.6     28.6
MEAN             49.1              45.3     3.8     45.8
DAYS MAX >= 90      0               0.0     0.0        0
DAYS MAX <= 32      2               0.6     1.4        1
DAYS MIN <= 32     10              19.1    -9.1       22
DAYS MIN <= 0       0               0.0     0.0        0

PRECIPITATION (INCHES)
TOTALS           0.08              1.17   -1.09     0.09
DAILY AVG.       0.00              0.04   -0.04     0.00
DAYS >= .01         2               4.9    -2.9        1
DAYS >= .10         0               2.5    -2.5        0
DAYS >= .50         0               0.6    -0.6        0
DAYS >= 1.00        0               0.3    -0.3        0
GREATEST
 24 HR. TOTAL    0.06   03/19 TO 03/19

SNOWFALL (INCHES)
TOTALS            0.8               4.2    -3.4      1.1
SINCE 7/1        34.1              17.7    16.4     16.4
DAYS >= TRACE       2               2.4    -0.4
DAYS >= 1.0         0               1.4    -1.4        1
GREATEST
 SNOW DEPTH         3   03/02
                        03/01
 24 HR TOTAL      0.8   03/03 TO 03/04

DEGREE_DAYS
HEATING TOTAL     483               611    -128      589
 SINCE 7/1       3776              4254    -478     4183
COOLING TOTAL       0                 0       0        0
 SINCE 1/1          0                 0       0        0
.................................................................

WIND (MPH)
AVERAGE WIND SPEED              10.7
HIGHEST WIND SPEED/DIRECTION    40/010    DATE  03/25
HIGHEST GUST SPEED/DIRECTION    48/010    DATE  03/25

SKY COVER
POSSIBLE SUNSHINE (PERCENT)   MM
NUMBER OF DAYS FAIR           24
NUMBER OF DAYS PC              3
NUMBER OF DAYS CLOUDY          4

AVERAGE RH (PERCENT)     53

WEATHER CONDITIONS. NUMBER OF DAYS WITH
THUNDERSTORM              0     MIXED PRECIP               0
HEAVY RAIN                1     RAIN                       0
LIGHT RAIN                5     FREEZING RAIN              0
LT FREEZING RAIN          1     HEAVY SNOW                 0
SNOW                      0     LIGHT SNOW                 2
SLEET                     0     FOG                        8
FOG W/VIS <= 1/4 MILE     0     HAZE                       3

-  INDICATES NEGATIVE NUMBERS.
R  INDICATES RECORD WAS SET OR TIED.
MM INDICATES DATA IS MISSING.
T  INDICATES TRACE AMOUNT.

$$
