000
CXUS52 KAKQ 012039
CLMECG


CLIMATE REPORT
NATIONAL WEATHER SERVICE WAKEFIELD, VA
438 PM EDT WED APR 1 2015

...................................

...THE ELIZABETH CITY NC CLIMATE SUMMARY FOR THE MONTH OF MARCH 2015...

CLIMATE NORMAL PERIOD 1981 TO 2010
CLIMATE RECORD PERIOD 1934 TO 2015

WEATHER         OBSERVED          NORMAL  DEPART  LAST YEAR`S
                 VALUE   DATE(S)  VALUE   FROM    VALUE  DATE(S)
                                          NORMAL
................................................................
TEMPERATURE (F)
RECORD
 HIGH              92   03/17/1945
 LOW                1   03/11/2013
HIGHEST            81   03/17        65      16       76  03/22
                                                          03/11
LOWEST             20   03/07        45     -25       23  03/14
                                                          03/04
AVG. MAXIMUM     59.8              60.7    -0.9     57.5
AVG. MINIMUM     38.9              39.6    -0.7     36.5
MEAN             49.3              50.1    -0.8     47.0
DAYS MAX >= 90      0               0.1    -0.1        0
DAYS MAX <= 32      0               0.0     0.0        0
DAYS MIN <= 32      7               6.1     0.9       10
DAYS MIN <= 0       0               0.0     0.0        0

PRECIPITATION (INCHES)
RECORD
 MAXIMUM           MM   MM
 MINIMUM           MM   MM
TOTALS           2.97              3.98   -1.01     2.41
DAILY AVG.       0.10              0.13   -0.03     0.08
DAYS >= .01        11               9.9     1.1       12
DAYS >= .10         6               6.5    -0.5        6
DAYS >= .50         3               2.5     0.5        2
DAYS >= 1.00        0               0.7    -0.7        0
GREATEST
 24 HR. TOTAL    0.74   03/27 TO 03/27

SNOWFALL (INCHES)
RECORDS
 TOTAL             MM   MM
TOTALS            0.0
SINCE 7/1           T                MM      MM     10.2
SNOWDEPTH AVG.      0                MM      MM        0
DAYS >= 1.0         0                MM      MM        0
GREATEST
 SNOW DEPTH         0   MM                             0  MM
 24 HR TOTAL      0.0   03/31 TO 03/31           03/03 TO 03/03
                                                          03/03 TO 03/03
                                                          03/03 TO 03/03

DEGREE_DAYS
HEATING TOTAL     482               465      17      548
 SINCE 7/1       3016              2937      79     3121
COOLING TOTAL       5                 5       0        0
 SINCE 1/1          7                 7       0        0
....................................................

WIND (MPH)
AVERAGE WIND SPEED              10.2
HIGHEST WIND SPEED/DIRECTION    30/020    DATE  03/27
HIGHEST GUST SPEED/DIRECTION    40/210    DATE  03/26

SKY COVER
POSSIBLE SUNSHINE (PERCENT)   MM
AVERAGE SKY COVER           0.40

AVERAGE RH (PERCENT)     68

WEATHER CONDITIONS. NUMBER OF DAYS WITH
THUNDERSTORM              0     MIXED PRECIP               0
HEAVY RAIN                4     RAIN                       7
LIGHT RAIN               14     FREEZING RAIN              0
LT FREEZING RAIN          0     HAIL                       0
HEAVY SNOW                0     SNOW                       0
LIGHT SNOW                1     SLEET                      1
FOG                      13     FOG W/VIS <= 1/4 MILE      3
HAZE                      0

-  INDICATES NEGATIVE NUMBERS.
R  INDICATES RECORD WAS SET OR TIED.
MM INDICATES DATA IS MISSING.
T  INDICATES TRACE AMOUNT.

$$
