000
CXUS56 KEKA 081244
CLMEKA

ZCZC SFOWRKCLM 080441
TTAA00 KSFO DDHHMM

CLIMATE REPORT
NATIONAL WEATHER SERVICE EUREKA CA
919 PM PDT TUE APR 7 2015

...................................

...THE EUREKA CA CLIMATE SUMMARY FOR THE MONTH OF MARCH 2015...

CLIMATE NORMAL PERIOD 1981 TO 2010
CLIMATE RECORD PERIOD 1886 TO 2015

WEATHER         OBSERVED          NORMAL  DEPART  LAST YEAR`S
                 VALUE   DATE(S)  VALUE   FROM    VALUE
                                          NORMAL
.............................................................
TEMPERATURE (F)
RECORD
 HIGH              78   03/27/1930
                        03/19/1914
 LOW               30   03/07/2012
                        03/10/2009
                        12/12/1932
HIGHEST            66   03/14                MM
LOWEST             37   03/04                MM
                        03/01
AVG. MAXIMUM     58.4                       1.7
AVG. MINIMUM     45.7                       3.1
MEAN             52.0                       2.3

PRECIPITATION (INCHES)
RECORD
 MAXIMUM        19.05   1904
 MINIMUM         0.07   1916
TOTALS           3.21              5.30   -2.09
DAYS >= .01         9              16.2    -7.2       16
DAYS >= .10         8              11.3    -3.3       10
DAYS >= .50         3               3.9    -0.9        4
DAYS >= 1.00        0               0.9    -0.9        1
GREATEST
 24 HR. TOTAL    1.09   03/23 TO 03/24

SNOWFALL (INCHES)
 LIQUID 7/1      0.00                        MM

DEGREE_DAYS
HEATING TOTAL     395               476     -81      410
 SINCE 7/1       2550              3398    -848     3501
COOLING TOTAL       0                 0       0        0
 SINCE 1/1          0                 0       0        0
..............................................................

WIND (MPH)
AVERAGE WIND SPEED              3.9
HIGHEST WIND SPEED/DIRECTION    16/MM     DATE  03/15
                                                03/01
HIGHEST GUST SPEED/DIRECTION    31/MM     DATE  03/02

SKY COVER
POSSIBLE SUNSHINE (PERCENT)   MM
AVERAGE SKY COVER           0.70
NUMBER OF DAYS FAIR            5
NUMBER OF DAYS PC              7
NUMBER OF DAYS CLOUDY         19


WEATHER CONDITIONS. NUMBER OF DAYS WITH
THUNDERSTORM              0     HEAVY RAIN                 0
RAIN                      4     LIGHT RAIN                13
HAIL                      0     SLEET                      0
FOG                      14     FOG W/VIS <= 1/4 MILE      3
HAZE                      0

-  INDICATES NEGATIVE NUMBERS.
R  INDICATES RECORD WAS SET OR TIED.
MM INDICATES DATA IS MISSING.
T  INDICATES TRACE AMOUNT.

&&

TOTAL RAINFALL...............  3.21 DEPARTURE FROM NORMAL..... -2.09
TOTAL SINCE JANUARY 1ST......  9.61 DEPARTURE FROM NORMAL..... -5.41
TOTAL SINCE OCT 1ST.......... 27.99 DEPARTURE FROM NORMAL..... -3.32

HIGHEST SLP......... 30.35 ON 12TH LOWEST SLP.......... 29.84 ON 15TH


...REMARKS...HIGH PRESSURE WAS IN PLACE OVER THE WEST COAST OF THE
UNITED STATES FOR MUCH OF THE MONTH. THIS KEPT MOST OF THE WEATHER
SYSTEMS AND RAIN OFF TO THE NORTH OF THE REGION. RAINFALL WAS AROUND
60 PERCENT OF NORMAL. THE STRONG RIDGE ALSO BROUGHT WARM
TEMPERATURES ALOFT AND INCREASED COASTAL CLOUD COVER. BOTH OF THESE
COMBINED KEPT TEMPERATURES ABOVE NORMAL...ESPECIALLY AT NIGHT. THIS
CONTINUES THE TREND OF ABOVE NORMAL MONTHLY TEMPERATURES SINCE
JANUARY OF 2014. NO RECORDS WERE SET...ALTHOUGH IT WAS CLOSE ON THE
14TH WITH A HIGH OF 66 DEGREES AND A RECORD OF ONLY 68 DEGREES. ALSO
OF NOTE...LOW TEMPERATURES DID NOT DROP BELOW FREEZING...THE LOWEST
TEMPERATURE OF THE MONTH WAS 37 DEGREES.









$$
