000
CXUS53 KTOP 011448
CLMEMP


CLIMATE REPORT
NATIONAL WEATHER SERVICE TOPEKA KS
920 AM CDT WED APR 1 2015

...................................

...THE EMPORIA KS CLIMATE SUMMARY FOR THE MONTH OF MARCH 2015...

CLIMATE NORMAL PERIOD 1981 TO 2010
CLIMATE RECORD PERIOD 9999 TO 9999

WEATHER         OBSERVED          NORMAL  DEPART  LAST YEAR`S
                 VALUE   DATE(S)  VALUE   FROM    VALUE
                                          NORMAL
.............................................................
TEMPERATURE (F)
HIGHEST            83   03/16                         80
LOWEST              9   03/05                         -4
AVG. MAXIMUM     61.8              57.4     4.4     55.1
AVG. MINIMUM     33.5              33.4     0.1     26.9
MEAN             47.6              45.4     2.2     41.0
DAYS MAX >= 90      0               0.0     0.0        0
DAYS MAX <= 32      1               0.8     0.2        3
DAYS MIN <= 32     11              13.9    -2.9       22
DAYS MIN <= 0       0               0.0     0.0        1

PRECIPITATION (INCHES)
TOTALS           0.58              2.53   -1.95     0.41
DAILY AVG.       0.02                               0.01
DAYS >= .01         7                                  5
DAYS >= .10         2                                  2
DAYS >= .50         0                                  0
DAYS >= 1.00        0                                  0
GREATEST
 24 HR. TOTAL    0.21   03/19 TO 03/19              0.16

DEGREE_DAYS
HEATING TOTAL     531               610     -79      739
 SINCE 7/1       4532              4432     100     5064
COOLING TOTAL       1                 2      -1        0
 SINCE 1/1          1                 2      -1        0
..............................................................

WIND (MPH)
AVERAGE WIND SPEED              9.7
HIGHEST WIND SPEED/DIRECTION    30/010    DATE  03/17
HIGHEST GUST SPEED/DIRECTION    39/030    DATE  03/17

SKY COVER
POSSIBLE SUNSHINE (PERCENT)   MM
AVERAGE SKY COVER           0.20
NUMBER OF DAYS FAIR           23
NUMBER OF DAYS PC              6
NUMBER OF DAYS CLOUDY          2

AVERAGE RH (PERCENT)     60

WEATHER CONDITIONS. NUMBER OF DAYS WITH
THUNDERSTORM              1     MIXED PRECIP               0
HEAVY RAIN                0     RAIN                       2
LIGHT RAIN                5     FREEZING RAIN              0
LT FREEZING RAIN          0     HEAVY SNOW                 0
SNOW                      0     LIGHT SNOW                 2
FOG                      16     FOG W/VIS <= 1/4 MILE      1
HAZE                     15

-  INDICATES NEGATIVE NUMBERS.
R  INDICATES RECORD WAS SET OR TIED.
MM INDICATES DATA IS MISSING.
T  INDICATES TRACE AMOUNT.

$$
