000
CXUS56 KPQR 011444
CLMEUG


CLIMATE REPORT
NATIONAL WEATHER SERVICE PORTLAND OREGON
744 AM PDT WED APR 1 2015

...................................

...THE EUGENE OR CLIMATE SUMMARY FOR THE MONTH OF MARCH 2015...

CLIMATE NORMAL PERIOD 1981 TO 2010
CLIMATE RECORD PERIOD 1892 TO 2015

WEATHER         OBSERVED          NORMAL  DEPART  LAST YEAR`S
                 VALUE   DATE(S)  VALUE   FROM    VALUE  DATE(S)
                                          NORMAL
................................................................
TEMPERATURE (F)
HIGHEST            72                                 74  03/24
LOWEST             26                                 28  03/22
AVG. MAXIMUM     62.6              56.2     6.4     58.8
AVG. MINIMUM     39.2              37.1     2.1     39.4
MEAN             50.9              46.7     4.2     49.1
DAYS MAX >= 90      0               0.0     0.0        0
DAYS MAX <= 32      0               0.0     0.0        0
DAYS MIN <= 32      7               6.1     0.9        7
DAYS MIN <= 0       0               0.0     0.0        0

PRECIPITATION (INCHES)
RECORD
 MAXIMUM        12.46   1974
 MINIMUM         0.40   1926
TOTALS           3.18              4.99   -1.81     6.09
DAYS >= .01        12              17.7    -5.7       19
DAYS >= .10         7              11.7    -4.7       13
DAYS >= .50         2               3.2    -1.2        6
DAYS >= 1.00        1               0.7     0.3        1
GREATEST
 24 HR. TOTAL    1.02   03/14 TO 03/14

DEGREE_DAYS
HEATING TOTAL     433               569    -136      485
 SINCE 7/1       2995              3896    -901     4052
COOLING TOTAL       0                 0       0        0
 SINCE 1/1          0                 0       0        0
.................................................................

WIND (MPH)
AVERAGE WIND SPEED              5.6
RESULTANT WIND SPEED/DIRECTION   2/210
HIGHEST WIND SPEED/DIRECTION    28/220    DATE  03/15
HIGHEST GUST SPEED/DIRECTION    36/230    DATE  03/15

SKY COVER
POSSIBLE SUNSHINE (PERCENT)   MM
AVERAGE SKY COVER           0.60
NUMBER OF DAYS FAIR            6
NUMBER OF DAYS PC             15
NUMBER OF DAYS CLOUDY         10

AVERAGE RH (PERCENT)     73

WEATHER CONDITIONS. NUMBER OF DAYS WITH
THUNDERSTORM              0     MIXED PRECIP               0
HEAVY RAIN                0     RAIN                       2
LIGHT RAIN               15     FREEZING RAIN              0
LT FREEZING RAIN          0     HAIL                       0
HEAVY SNOW                0     SNOW                       0
LIGHT SNOW                0     SLEET                      0
FOG                      26     FOG W/VIS <= 1/4 MILE      8
HAZE                      2

-  INDICATES NEGATIVE NUMBERS.
R  INDICATES RECORD WAS SET OR TIED.
MM INDICATES DATA IS MISSING.
T  INDICATES TRACE AMOUNT.

$$
