000
CXUS56 KSGX 011430
CLMFUL


CLIMATE REPORT
NATIONAL WEATHER SERVICE SAN DIEGO, CA
730 AM PDT FRI MAY 1 2015

...................................

...THE FULLERTON AIRPORT CA CLIMATE SUMMARY FOR THE MONTH OF APRIL 2015...

CLIMATE NORMAL PERIOD 1981 TO 2010
CLIMATE RECORD PERIOD 1998 TO 2015

WEATHER         OBSERVED          NORMAL  DEPART  LAST YEAR`S
                 VALUE   DATE(S)  VALUE   FROM    VALUE  DATE(S)
                                          NORMAL
................................................................
TEMPERATURE (F)
RECORD
 HIGH             102   04/27/2008
                        04/27/2004
 LOW               39   04/10/1999
HIGHEST            97   04/29        73      24       96  04/30
                                                          04/29
LOWEST             49   04/08        51      -2       47  04/03
AVG. MAXIMUM     78.0              72.8     5.2     77.8
AVG. MINIMUM     55.4              52.4     3.0     55.3
MEAN             66.7              62.6     4.1     66.6
DAYS MAX >= 90      4               0.9     3.1        5
DAYS MAX <= 32      0               0.0     0.0        0
DAYS MAX >= 100     0                                  0
DAYS MIN <= 32      0               0.0     0.0        0

PRECIPITATION (INCHES)
RECORD
 MAXIMUM         5.21   1958
 MINIMUM         0.00   1997
TOTALS           0.22              0.87   -0.65     0.42
DAILY AVG.       0.01              0.03   -0.02     0.01
DAYS >= .01         2                MM      MM        3
DAYS >= .10         1                MM      MM        3
DAYS >= .50         0                MM      MM        0
DAYS >= 1.00        0                MM      MM        0
DAYS >= 1.50        0                                  0
DAYS >= 2.00        0                                  0
GREATEST
 24 HR. TOTAL    0.21   04/06 TO 04/07           04/25 TO 04/25
                        04/07 TO 04/07                    04/25 TO 04/26
                        04/07 TO 04/08                    04/26 TO 04/26
 STORM TOTAL       MM                                 MM
 (MM/DD(HH))            MM                    04/25(00) TO 04/25(00)
                                                 04/26(00) TO 04/26(00)6
                                                 04/26(00) TO 04/26(00)6

SNOWFALL (INCHES)
RECORDS
 TOTAL             MM   MM
TOTALS            0.0
SINCE 7/1         0.0

DEGREE_DAYS
HEATING TOTAL      31               102     -71       38
 SINCE 7/1        427              1194    -767      589
COOLING TOTAL      87                30      57       92
 SINCE 1/1        288                52     236      147

FREEZE DATES
RECORD
 EARLIEST     MM
 LATEST       MM
EARLIEST                        MM
LATEST                          MM
.......................................................

WIND (MPH)
AVERAGE WIND SPEED              4.1
RESULTANT WIND SPEED/DIRECTION   2/188
HIGHEST WIND SPEED/DIRECTION    24/080    DATE  04/16
HIGHEST GUST SPEED/DIRECTION    33/070    DATE  04/16

SKY COVER
POSSIBLE SUNSHINE (PERCENT)   MM
AVERAGE SKY COVER           0.20
NUMBER OF DAYS FAIR           21
NUMBER OF DAYS PC              5
NUMBER OF DAYS CLOUDY          4

AVERAGE RH (PERCENT)     51

WEATHER CONDITIONS. NUMBER OF DAYS WITH
THUNDERSTORM              0     MIXED PRECIP               0
HEAVY RAIN                1     RAIN                       1
LIGHT RAIN                3     FREEZING RAIN              0
LT FREEZING RAIN          0     HAIL                       0
HEAVY SNOW                0     SNOW                       0
LIGHT SNOW                0     SLEET                      0
FOG                       2     FOG W/VIS <= 1/4 MILE      0
HAZE                      1

-  INDICATES NEGATIVE NUMBERS.
R  INDICATES RECORD WAS SET OR TIED.
MM INDICATES DATA IS MISSING.
T  INDICATES TRACE AMOUNT.

$$
