000
CXUS51 KCAR 011939
CLMFVE


CLIMATE REPORT
NATIONAL WEATHER SERVICE CARIBOU, ME
338 PM EDT WED APR 1 2015

...................................

...THE FRENCHVILLE ME CLIMATE SUMMARY FOR THE MONTH OF MARCH 2015...

CLIMATE NORMAL PERIOD 1981 TO 2010
CLIMATE RECORD PERIOD 9999 TO 9999

WEATHER         OBSERVED          NORMAL  DEPART  LAST YEAR`S
                 VALUE   DATE(S)  VALUE   FROM    VALUE  DATE(S)
                                          NORMAL
................................................................
TEMPERATURE (F)
RECORD
 HIGH              MM   MM
 LOW               MM   MM
HIGHEST            42   03/26        MM      MM       36  03/29
LOWEST            -10   03/06        MM      MM      -17  03/05
AVG. MAXIMUM     28.0              31.7    -3.7     22.6
AVG. MINIMUM      9.1              15.0    -5.9      4.7
MEAN             18.5              23.3    -4.8     13.7
DAYS MAX >= 90      0               0.0     0.0        0
DAYS MAX <= 32     22              14.7     7.3       26
DAYS MIN <= 32     31              30.2     0.8       31
DAYS MIN <= 0       5               2.8     2.2       14

PRECIPITATION (INCHES)
RECORD
 MAXIMUM           MM   MM
 MINIMUM           MM   MM
TOTALS           0.21              1.48   -1.27     1.03
DAILY AVG.       0.01              0.05   -0.04     0.03
DAYS >= .01         8                MM      MM       10
DAYS >= .10         0                MM      MM        3
DAYS >= .50         0                MM      MM        0
DAYS >= 1.00        0                MM      MM        0
GREATEST
 24 HR. TOTAL    0.06   03/17 TO 03/17           03/20 TO 03/20
                                                          03/20 TO 03/20
                                                          03/20 TO 03/20
 STORM TOTAL       MM                                 MM
 (MM/DD(HH))            MM                    03/20(00) TO 03/20(00)
                                                 03/20(00) TO 03/20(00)0
                                                 03/20(00) TO 03/20(00)0

SNOWFALL (INCHES)
RECORDS
 TOTAL             MM   MM
TOTALS             MM                MM      MM       MM
SINCE 7/1          MM                MM      MM       MM
SNOWDEPTH AVG.     MM                MM      MM       MM
DAYS >= 1.0         0                MM      MM        0
GREATEST
 SNOW DEPTH        MM                                 MM  MM
 24 HR TOTAL       MM                                 MM

DEGREE_DAYS
HEATING TOTAL    1433              1291     142     1582
 SINCE 7/1       8580              8291     289     8516
COOLING TOTAL       0                 0       0        0
 SINCE 1/1          0                 0       0        0
.................................................

WIND (MPH)
AVERAGE WIND SPEED              12.3
HIGHEST WIND SPEED/DIRECTION    37/330    DATE  03/12
HIGHEST GUST SPEED/DIRECTION    55/280    DATE  03/11

SKY COVER
POSSIBLE SUNSHINE (PERCENT)   MM
AVERAGE SKY COVER           0.50
NUMBER OF DAYS FAIR           12
NUMBER OF DAYS PC             12
NUMBER OF DAYS CLOUDY          7

AVERAGE RH (PERCENT)     59

WEATHER CONDITIONS. NUMBER OF DAYS WITH
THUNDERSTORM              0     MIXED PRECIP               0
HEAVY RAIN                0     RAIN                       0
LIGHT RAIN                0     FREEZING RAIN              0
LT FREEZING RAIN          0     HAIL                       0
HEAVY SNOW                2     SNOW                       7
LIGHT SNOW               17     SLEET                      0
FOG                      13     FOG W/VIS <= 1/4 MILE      2
HAZE                     10

-  INDICATES NEGATIVE NUMBERS.
R  INDICATES RECORD WAS SET OR TIED.
MM INDICATES DATA IS MISSING.
T  INDICATES TRACE AMOUNT.

$$
