000
CXUS53 KGLD 011732
CLMGLD

CLIMATE REPORT
NATIONAL WEATHER SERVICE GOODLAND
1132 AM MDT WED APR 1 2015

...................................

...THE GOODLAND KS CLIMATE SUMMARY FOR THE MONTH OF MARCH 2015...

CLIMATE NORMAL PERIOD 1981 TO 2010
CLIMATE RECORD PERIOD 1895 TO 2015

WEATHER         OBSERVED          NORMAL  DEPART  LAST YEAR`S
                 VALUE   DATE(S)  VALUE   FROM    VALUE  DATE(S)
                                          NORMAL
................................................................
TEMPERATURE (F)
RECORD
 HIGH              90   03/20/1907
                        03/19/1907
 LOW              -20   03/03/1960
                        03/11/1948
                        03/10/1948
HIGHEST            89   03/16        79      10       77  03/09
LOWEST             13   03/05         9       4       -1  03/02
AVG. MAXIMUM     62.7              54.6     8.1     55.7
AVG. MINIMUM     30.3              26.5     3.8     24.1
MEAN             46.5              40.5     6.0     39.9
DAYS MAX >= 90      0               0.0     0.0        0
DAYS MAX <= 32      1               2.0    -1.0        3
DAYS MIN <= 32     18              22.8    -4.8       27
DAYS MIN <= 0       0               0.4    -0.4        1

PRECIPITATION (INCHES)
RECORD
 MAXIMUM         3.60   1981
 MINIMUM         0.00   1911
TOTALS           0.11              1.07   -0.96     0.42
DAILY AVG.       0.00              0.03   -0.03     0.01
DAYS >= .01         4               6.0    -2.0        7
DAYS >= .10         0               2.6    -2.6        1
DAYS >= .50         0               0.6    -0.6        0
DAYS >= 1.00        0               0.1    -0.1        0
GREATEST
 24 HR. TOTAL    0.05   03/25 TO 03/25              0.23
 STORM TOTAL       MM
 (MM/DD(HH))            MM

SNOWFALL (INCHES)
RECORDS
 TOTAL           32.0   1912
TOTALS            0.6               6.8    -6.2      3.5
SINCE 7/1        22.7              30.8    -8.1     28.7
SNOWDEPTH AVG.      0                 3      -3        0
DAYS >= 1.0         0               2.0    -2.0        1
GREATEST
 SNOW DEPTH         1   03/04                          2  03/19
 24 HR TOTAL      0.6   MM                       03/18 TO 03/18
                                                          03/18 TO 03/18
                                                          03/18 TO 03/18

DEGREE_DAYS
HEATING TOTAL     565               758    -193      768
 SINCE 7/1       4780              5175    -395     5312
COOLING TOTAL       0                 0       0        0
 SINCE 1/1          0                 0       0        0
.........................................................

WIND (MPH)
AVERAGE WIND SPEED              11.8
HIGHEST WIND SPEED/DIRECTION    38/330    DATE  03/29
HIGHEST GUST SPEED/DIRECTION    46/330    DATE  03/29

SKY COVER
AVERAGE SKY COVER           0.20

AVERAGE RH (PERCENT)     51

WEATHER CONDITIONS. NUMBER OF DAYS WITH
THUNDERSTORM              0     MIXED PRECIP               0
HEAVY RAIN                0     RAIN                       0
LIGHT RAIN                3     FREEZING RAIN              0
LT FREEZING RAIN          0     HAIL                       0
HEAVY SNOW                0     SNOW                       0
LIGHT SNOW                5     SLEET                      0
FOG                       5     FOG W/VIS <= 1/4 MILE      0
HAZE                      3

-  INDICATES NEGATIVE NUMBERS.
R  INDICATES RECORD WAS SET OR TIED.
MM INDICATES DATA IS MISSING.
T  INDICATES TRACE AMOUNT.

$$
