000
CXUS52 KJAX 011431
CLMGNV

CLIMATE REPORT
NATIONAL WEATHER SERVICE JACKSONVILLE FL
1027 AM EDT FRI MAY 1 2015

...................................

...THE GAINESVILLE CLIMATE SUMMARY FOR THE MONTH OF APRIL 2015...

CLIMATE NORMAL PERIOD 1981 TO 2010
CLIMATE RECORD PERIOD 1890 TO 2015

WEATHER         OBSERVED          NORMAL  DEPART  LAST YEAR`S
                 VALUE   DATE(S)  VALUE   FROM    VALUE  DATE(S)
                                          NORMAL
................................................................
TEMPERATURE (F)
RECORD
 HIGH              96   04/27/2011
 LOW               32   04/17/1962
                        04/02/1919
HIGHEST            87   04/26        80       7       91  04/28
                        04/23
                        04/18
LOWEST             56   04/22        55       1       42  04/16
AVG. MAXIMUM     83.2              80.3     2.9     81.1
AVG. MINIMUM     62.6              54.9     7.7     56.4
MEAN             72.9              67.6     5.3     68.8
DAYS MAX >= 90      0               0.8    -0.8        1
DAYS MAX <= 32      0               0.0     0.0        0
DAYS MIN <= 32      0               0.0     0.0        0
DAYS MIN <= 0       0               0.0     0.0        0

PRECIPITATION (INCHES)
RECORD
 MAXIMUM         8.95   1949
 MINIMUM         0.08   1998
TOTALS           3.22              2.67    0.55     2.63
DAILY AVG.       0.11              0.09    0.02     0.09
DAYS >= .01        13               5.8     7.2        5
DAYS >= .10        10               3.4     6.6        4
DAYS >= .50         1               1.7    -0.7        2
DAYS >= 1.00        0               0.7    -0.7        2
GREATEST
 24 HR. TOTAL    1.15

SNOWFALL (INCHES)
RECORDS
 TOTAL              T   1997
TOTALS            0.0               0.0     0.0      0.0
SINCE 7/1         0.0               0.0     0.0      0.0
SNOWDEPTH AVG.      0                MM      MM        0
DAYS >= 1.0         0               0.0     0.0        0
GREATEST
 SNOW DEPTH         0   MM                             0  MM
 24 HR TOTAL      0.0

DEGREE_DAYS
HEATING TOTAL       0                43     -43       20
 SINCE 7/1       1211              1214      -3     1093
COOLING TOTAL     246               121     125      141
 SINCE 1/1        400               207     193      203
.................................................................

WIND (MPH)
AVERAGE WIND SPEED              5.6
HIGHEST WIND SPEED/DIRECTION    26/320    DATE  04/20
HIGHEST GUST SPEED/DIRECTION    37/350    DATE  04/26

SKY COVER
POSSIBLE SUNSHINE (PERCENT)   MM
AVERAGE SKY COVER           0.40
NUMBER OF DAYS FAIR           14
NUMBER OF DAYS PC             11
NUMBER OF DAYS CLOUDY          5

AVERAGE RH (PERCENT)     76

WEATHER CONDITIONS. NUMBER OF DAYS WITH
THUNDERSTORM              0     MIXED PRECIP               0
HEAVY RAIN                9     RAIN                       9
LIGHT RAIN               17     FREEZING RAIN              0
LT FREEZING RAIN          0     HAIL                       0
HEAVY SNOW                0     SNOW                       0
LIGHT SNOW                0     SLEET                      0
FOG                      26     FOG W/VIS <= 1/4 MILE      5
HAZE                      2

-  INDICATES NEGATIVE NUMBERS.
R  INDICATES RECORD WAS SET OR TIED.
MM INDICATES DATA IS MISSING.
T  INDICATES TRACE AMOUNT.

$$
