000
CXUS53 KGID 011510
CLMGRI


CLIMATE REPORT
NATIONAL WEATHER SERVICE HASTINGS NE
1010 AM CDT FRI MAY 1 2015

...................................

...THE GRAND ISLAND NE CLIMATE SUMMARY FOR THE MONTH OF APRIL 2015...

CLIMATE NORMAL PERIOD 1981 TO 2010
CLIMATE RECORD PERIOD 1895 TO 2015

WEATHER         OBSERVED          NORMAL  DEPART  LAST YEAR`S
                 VALUE   DATE(S)  VALUE   FROM    VALUE  DATE(S)
                                          NORMAL
................................................................
TEMPERATURE (F)
RECORD
 HIGH              98   04/20/1902
 LOW                    04/02/1936
HIGHEST            87   04/01        86       1       84  04/09
LOWEST             27   04/22        22       5       21  04/01
AVG. MAXIMUM     64.8              63.2     1.6     64.2
AVG. MINIMUM     39.8              37.9     1.9     39.0
MEAN             52.3              50.6     1.7     51.6
DAYS MAX >= 90      0               0.5    -0.5        0
DAYS MAX <= 32      0               0.1    -0.1        0
DAYS MIN <= 32      2               7.4    -5.4        8
DAYS MIN <= 0       0               0.0     0.0        0

PRECIPITATION (INCHES)
RECORD
 MAXIMUM         9.43   1896
 MINIMUM         0.09   1989
TOTALS           2.14              2.53   -0.39     2.91
DAILY AVG.       0.07              0.08   -0.01     0.10
DAYS >= .01         8               8.4    -0.4        8
DAYS >= .10         5               4.5     0.5        6
DAYS >= .50         1               1.7    -0.7        2
DAYS >= 1.00        0               0.6    -0.6        1
GREATEST
 24 HR. TOTAL    0.69   04/17 TO 04/18

SNOWFALL (INCHES)
RECORDS
 TOTAL           12.0   1913
TOTALS            0.8               1.5    -0.7      1.7
SINCE 7/1        24.3              29.0    -4.7     16.4
SNOWDEPTH AVG.      0                MM      MM        0
DAYS >= 1.0         0               0.4    -0.4        1
GREATEST
 SNOW DEPTH         0   MM                             1  04/14
                                                          04/04

DEGREE_DAYS
HEATING TOTAL     378               445     -67      396
 SINCE 7/1       5763              6002    -239     6085
COOLING TOTAL       4                11      -7        4
 SINCE 1/1          4                11      -7        4
.................................................................

WIND (MPH)
AVERAGE WIND SPEED              12.1
HIGHEST WIND SPEED/DIRECTION    39/330    DATE  04/19
HIGHEST GUST SPEED/DIRECTION    46/320    DATE  04/19

SKY COVER
POSSIBLE SUNSHINE (PERCENT)   MM
NUMBER OF DAYS FAIR           16
NUMBER OF DAYS PC              8
NUMBER OF DAYS CLOUDY          6

AVERAGE RH (PERCENT)     62

WEATHER CONDITIONS. NUMBER OF DAYS WITH
THUNDERSTORM              6     MIXED PRECIP               0
HEAVY RAIN                2     RAIN                       7
LIGHT RAIN               12     FREEZING RAIN              0
LT FREEZING RAIN          0     HAIL                       0
HEAVY SNOW                0     SNOW                       1
LIGHT SNOW                1     SLEET                      0
FOG                      11     FOG W/VIS <= 1/4 MILE      1
HAZE                      6

-  INDICATES NEGATIVE NUMBERS.
R  INDICATES RECORD WAS SET OR TIED.
MM INDICATES DATA IS MISSING.
T  INDICATES TRACE AMOUNT.

$$
