000
CXUS52 KGSP 011220 CCA
CLMGSP

CLIMATE REPORT...CORRECTED FOR THUNDERSTORM DAYS
NATIONAL WEATHER SERVICE GREENVILLE-SPARTANBURG SC
809 AM EDT WED APR 1 2015

...................................

...THE GREENVILLE-SPARTANBURG CLIMATE SUMMARY FOR THE MONTH OF MARCH 2015...

CLIMATE NORMAL PERIOD 1981 TO 2010
CLIMATE RECORD PERIOD 1884 TO 2015

WEATHER         OBSERVED          NORMAL  DEPART  LAST YEAR`S
                 VALUE   DATE(S)  VALUE   FROM    VALUE  DATE(S)
                                          NORMAL
................................................................
TEMPERATURE (F)
RECORD
 HIGH              91   03/23/1907
 LOW               11   03/15/1993
                        03/03/1980
HIGHEST            84   03/17        MM      MM       78  03/11
LOWEST             25   03/29        MM      MM       25  03/04
AVG. MAXIMUM     66.7              64.5     2.2     61.4
AVG. MINIMUM     43.5              41.2     2.3     37.5
MEAN             55.1              52.9     2.2     49.4
DAYS MAX >= 90      0               0.0     0.0        0
DAYS MAX <= 32      0               0.0     0.0        0
DAYS MIN <= 32      5               5.2    -0.2        7
DAYS MIN <= 0       0               0.0     0.0        0

PRECIPITATION (INCHES)
RECORD
 MAXIMUM        11.99   1952
 MINIMUM         1.13   1985
TOTALS           2.09              4.52   -2.43     4.09
DAILY AVG.       0.07              0.15   -0.08     0.13
DAYS >= .01        13               9.6     3.4       10
DAYS >= .10         8               6.8     1.2        9
DAYS >= .50         0               3.3    -3.3        2
DAYS >= 1.00        0               1.4    -1.4        2
GREATEST
 24 HR. TOTAL    0.77   03/13 TO 03/14           03/07 TO 03/07
                                                          03/25 TO 03/25
                                                          03/25 TO 03/25
 STORM TOTAL       MM                                 MM
 (MM/DD(HH))            MM                    03/07(00) TO 03/07(00)
                                                 03/25(00) TO 03/25(00)5
                                                 03/25(00) TO 03/25(00)5

SNOWFALL (INCHES)
RECORDS
 TOTAL           15.3   1960
 24 HR TOTAL      9.8   03/12/1993 TO 03/13/1993
 SNOW DEPTH         5   03/24/1983
TOTALS            0.0               0.9    -0.9        T
 LIQUID EQUIV    0.00              0.10   -0.10       MM
SINCE 7/1         3.7               4.7    -1.0      7.2
 LIQUID 7/1      0.37              0.50   -0.13     0.72
SNOWDEPTH AVG.      0                MM      MM        0
DAYS >= TRACE       0               0.3    -0.3        3
DAYS >= 1.0         0               0.1    -0.1        0
GREATEST
 SNOW DEPTH         0   MM                             0  MM
 24 HR TOTAL      0.0   03/31 TO 03/31           03/25 TO 03/25
                                                          03/25 TO 03/25
                                                          03/25 TO 03/25
 STORM TOTAL       MM                                 MM
 (MM/DD(HH))            MM                    03/25(00) TO 03/25(00)
                                                 03/25(00) TO 03/25(00)5
                                                 03/25(00) TO 03/25(00)5

DEGREE_DAYS
HEATING TOTAL     304               384     -80      477
 SINCE 7/1       2918              2833      85     3036
COOLING TOTAL       6                 8      -2        0
 SINCE 1/1          6                 8      -2        0

FREEZE DATES
RECORD
 EARLIEST     MM
 LATEST       MM
EARLIEST                        MM
LATEST                          MM
......................................................

WIND (MPH)
AVERAGE WIND SPEED              6.7
HIGHEST WIND SPEED/DIRECTION    26/230    DATE  03/31
HIGHEST GUST SPEED/DIRECTION    34/220    DATE  03/11

SKY COVER
POSSIBLE SUNSHINE (PERCENT)   MM
AVERAGE SKY COVER           0.50
NUMBER OF DAYS FAIR           12
NUMBER OF DAYS PC              8
NUMBER OF DAYS CLOUDY         11

AVERAGE RH (PERCENT)     63

WEATHER CONDITIONS. NUMBER OF DAYS WITH
THUNDERSTORM              1     MIXED PRECIP               0
HEAVY RAIN                1     RAIN                       4
LIGHT RAIN               15     FREEZING RAIN              0
LT FREEZING RAIN          0     HAIL                       0
HEAVY SNOW                0     SNOW                       0
LIGHT SNOW                0     SLEET                      0
FOG                      20     FOG W/VIS <= 1/4 MILE      4
HAZE                      5

-  INDICATES NEGATIVE NUMBERS.
R  INDICATES RECORD WAS SET OR TIED.
MM INDICATES DATA IS MISSING.
T  INDICATES TRACE AMOUNT.

$$
