000
CXUS55 KTFX 021257
CLMHLN


CLIMATE REPORT
NATIONAL WEATHER SERVICE GREAT FALLS MT
647 AM MDT SAT MAY 2 2015

...................................

...THE HELENA MT CLIMATE SUMMARY FOR THE MONTH OF APRIL 2015...

CLIMATE NORMAL PERIOD 1981 TO 2010
CLIMATE RECORD PERIOD 1866 TO 2015

WEATHER         OBSERVED          NORMAL  DEPART  LAST YEAR`S
                 VALUE   DATE(S)  VALUE   FROM    VALUE  DATE(S)
                                          NORMAL
................................................................
TEMPERATURE (F)
RECORD
 HIGH              86   04/29/1992
                        04/25/1910
 LOW              -10   04/01/1936
HIGHEST            78   04/29        61      17       73  04/22
                                                          04/08
LOWEST             23   04/03        28      -5       19  04/14
AVG. MAXIMUM     59.3              57.8     1.5     58.2
AVG. MINIMUM     32.5              32.1     0.4     33.4
MEAN             45.9              44.9     1.0     45.8
DAYS MAX >= 90      0               0.0     0.0        0
DAYS MAX <= 32      0               0.3    -0.3        0
DAYS MIN <= 32     18              14.2     3.8       11
DAYS MIN <= 0       0               0.0     0.0        0

PRECIPITATION (INCHES)
RECORD
 MAXIMUM         3.00   1975
 MINIMUM         0.01   1919
TOTALS           0.53              0.98   -0.45     0.87
DAYS >= .01         6               8.7    -2.7
DAYS >= .10         2               3.1    -1.1
DAYS >= .50         0               0.3    -0.3
DAYS >= 1.00        0               0.0     0.0
GREATEST
 24 HR. TOTAL    0.21   04/22 TO 04/22

SNOWFALL (INCHES)
RECORDS
 TOTAL           22.2   1880
 24 HR TOTAL       MM
TOTALS              T               3.7    -3.7        T
SINCE 7/1        24.3              37.2   -12.9
SNOWDEPTH AVG.      0
DAYS >= TRACE       7               2.9     4.1
DAYS >= 1.0         0               1.3    -1.3
GREATEST
 SNOW DEPTH         T   04/02
04/26
 24 HR TOTAL        T   04/26 TO 04/26

DEGREE_DAYS
HEATING TOTAL     566               602     -36      567
 SINCE 7/1       6195              7054    -859     7011
COOLING TOTAL       0                 0       0        0
 SINCE 1/1          0                 0       0        0
.................................................................

WIND (MPH)
AVERAGE WIND SPEED              7.3
HIGHEST WIND SPEED/DIRECTION    37/250    DATE  04/14
HIGHEST GUST SPEED/DIRECTION    50/250    DATE  04/01

SKY COVER
AVERAGE SKY COVER           0.40

AVERAGE RH (PERCENT)     52

WEATHER CONDITIONS. NUMBER OF DAYS WITH
THUNDERSTORM              0     MIXED PRECIP               0
HEAVY RAIN                1     RAIN                       1
LIGHT RAIN                6     FREEZING RAIN              0
LT FREEZING RAIN          0     HAIL                       0
HEAVY SNOW                0     SNOW                       0
LIGHT SNOW                7     SLEET                      0
FOG                       6     FOG W/VIS <= 1/4 MILE      1
HAZE                      5

-  INDICATES NEGATIVE NUMBERS.
R  INDICATES RECORD WAS SET OR TIED.
MM INDICATES DATA IS MISSING.
T  INDICATES TRACE AMOUNT.

&&

SUMMARY...THE OVERALL UPPER LEVEL PATTERN TURNED MORE ACTIVE ACROSS
THE NORTHWESTERN U.S. IN APRIL. THIS MEANT MORE PRECIPITATION FOR
MANY LOCATIONS ACROSS CENTRAL AND SOUTHWEST MONTANA COMPARED TO WHAT
FELL IN MARCH. HOWEVER...EVEN WITH MORE PRECIPITATION THAN
MARCH...APRIL STILL CAME IN BELOW NORMAL AT HELENA. PRECIPITATION
FOR THE MONTH IN HELENA WAS 0.45 INCHES BELOW NORMAL. THE AVERAGE
TEMPERATURE WAS 1.0 DEGREES ABOVE NORMAL.

$$
