000
CXUS56 KSEW 011031
CLMHQM


CLIMATE REPORT
NATIONAL WEATHER SERVICE SEATTLE WA
330 AM PDT FRI MAY 1 2015

...................................

...THE HOQUIAM WA AIRPORT CLIMATE SUMMARY FOR THE MONTH OF APRIL 2015...

CLIMATE NORMAL PERIOD 1981 TO 2010
CLIMATE RECORD PERIOD 1953 TO 2015

WEATHER         OBSERVED          NORMAL  DEPART  LAST YEAR`S
                 VALUE   DATE(S)  VALUE   FROM    VALUE  DATE(S)
                                          NORMAL
................................................................
TEMPERATURE (F)
RECORD
 HIGH              84   04/30/2014
 LOW               27   04/17/1964
HIGHEST            79   04/27        MM      MM       84  04/30
LOWEST             33   04/15        MM      MM       35  04/10
AVG. MAXIMUM     57.6              55.5     2.1     57.1
AVG. MINIMUM     40.5              41.9    -1.4     42.9
MEAN             49.0              48.7     0.3     50.0
DAYS MAX >= 90      0               0.0     0.0        0
DAYS MAX <= 32      0               0.0     0.0        0
DAYS MIN <= 32      0               1.1    -1.1        0
DAYS MIN <= 0       0               0.0     0.0        0

PRECIPITATION (INCHES)
RECORD
 MAXIMUM        10.27   1996
 MINIMUM         0.78   1956
TOTALS           3.22              5.10   -1.88     6.35
DAILY AVG.       0.11              0.17   -0.06     0.21
DAYS >= .01        19              17.7     1.3       17
DAYS >= .10         8              12.0    -4.0       12
DAYS >= .50         2               3.1    -1.1        5
DAYS >= 1.00        0               0.7    -0.7        1
GREATEST
 24 HR. TOTAL    0.94   04/10 TO 04/11

DEGREE_DAYS
HEATING TOTAL     472               489     -17      445
COOLING TOTAL       0                 0       0        4
 SINCE 1/1          0                 0       0        4
.................................................................

WIND (MPH)
AVERAGE WIND SPEED              7.8
HIGHEST WIND SPEED/DIRECTION    33/270    DATE  04/14
HIGHEST GUST SPEED/DIRECTION    38/270    DATE  04/14

SKY COVER
POSSIBLE SUNSHINE (PERCENT)   MM
AVERAGE SKY COVER           0.40
NUMBER OF DAYS FAIR           15
NUMBER OF DAYS PC             12
NUMBER OF DAYS CLOUDY          3

AVERAGE RH (PERCENT)     77

WEATHER CONDITIONS. NUMBER OF DAYS WITH
THUNDERSTORM              0     MIXED PRECIP               0
HEAVY RAIN                2     RAIN                       7
LIGHT RAIN               19     FREEZING RAIN              0
LT FREEZING RAIN          0     HAIL                       0
HEAVY SNOW                0     SNOW                       0
LIGHT SNOW                0     SLEET                      0
FOG                      30     FOG W/VIS <= 1/4 MILE      1
HAZE                      0

-  INDICATES NEGATIVE NUMBERS.
R  INDICATES RECORD WAS SET OR TIED.
MM INDICATES DATA IS MISSING.
T  INDICATES TRACE AMOUNT.

$$
