000
CXUS55 KTFX 021257
CLMHVR


CLIMATE REPORT
NATIONAL WEATHER SERVICE GREAT FALLS MT
647 AM MDT SAT MAY 2 2015

...................................

...THE HAVRE MT CLIMATE SUMMARY FOR THE MONTH OF APRIL 2015...

CLIMATE NORMAL PERIOD 1981 TO 2010
CLIMATE RECORD PERIOD 1880 TO 2015

WEATHER         OBSERVED          NORMAL  DEPART  LAST YEAR`S
                 VALUE   DATE(S)  VALUE   FROM    VALUE
                                          NORMAL
.............................................................
TEMPERATURE (F)
RECORD
 HIGH              95   04/29/1939
 LOW              -14   04/06/1975
                        04/22/1967
HIGHEST            82   04/29        64      18       79
LOWEST             21   04/20        25      -4       15
                        04/04
AVG. MAXIMUM     60.3              58.0     2.3     58.9
AVG. MINIMUM     28.6              30.8    -2.2     29.9
MEAN             44.5              44.4     0.1     44.4
DAYS MAX >= 90      0               0.0     0.0        0
DAYS MAX <= 32      0               0.6    -0.6        0
DAYS MIN <= 32     23              16.3     6.7       21
DAYS MIN <= 0       0               0.0     0.0        0

PRECIPITATION (INCHES)
RECORD
 MAXIMUM         3.72   1955
 MINIMUM         0.00   1988
TOTALS           0.33              0.84   -0.51     0.92
DAYS >= .01         9               7.2     1.8
DAYS >= .10         0               2.3    -2.3
DAYS >= .50         0               0.3    -0.3
DAYS >= 1.00        0               0.0     0.0
GREATEST
 24 HR. TOTAL    0.16   04/14 TO 04/15

SNOWFALL (INCHES)
RECORDS
 TOTAL           32.9   1955
 24 HR TOTAL       MM
 SNOW DEPTH        27   1955
TOTALS            0.2               3.0    -2.8        T
SNOWDEPTH AVG.      0
DAYS >= TRACE       3               2.2     0.8
DAYS >= 1.0         0               1.2    -1.2
GREATEST
 SNOW DEPTH         T   04/06                         -1
 24 HR TOTAL      0.2   MM

DEGREE_DAYS
HEATING TOTAL     608               619     -11      610
 SINCE 7/1       7008              7737    -729     8013
COOLING TOTAL       0                 1      -1        0
 SINCE 1/1          0                 1      -1        0
..............................................................

WIND (MPH)
AVERAGE WIND SPEED              10.5
HIGHEST WIND SPEED/DIRECTION    41/270    DATE  04/11
HIGHEST GUST SPEED/DIRECTION    55/270    DATE  04/01

SKY COVER
AVERAGE SKY COVER           0.30

AVERAGE RH (PERCENT)     57

WEATHER CONDITIONS. NUMBER OF DAYS WITH
THUNDERSTORM              0     MIXED PRECIP               1
HEAVY RAIN                0     RAIN                       1
LIGHT RAIN               11     FREEZING RAIN              0
LT FREEZING RAIN          1     HAIL                       0
HEAVY SNOW                0     SNOW                       0
LIGHT SNOW                3     SLEET                      0
FOG                       5     FOG W/VIS <= 1/4 MILE      2
HAZE                      0

-  INDICATES NEGATIVE NUMBERS.
R  INDICATES RECORD WAS SET OR TIED.
MM INDICATES DATA IS MISSING.
T  INDICATES TRACE AMOUNT.

&&

SUMMARY...THE OVERALL UPPER LEVEL PATTERN TURNED MORE ACTIVE ACROSS
THE NORTHWESTERN U.S. IN APRIL. THIS MEANT MORE PRECIPITATION FOR
MANY LOCATIONS ACROSS CENTRAL AND SOUTHWEST MONTANA COMPARED TO WHAT
FELL IN MARCH. HOWEVER...HAVRE WAS ONE OF THE LOCATIONS THAT
ACTUALLY SAW LESS PRECIPITATION IN APRIL COMPARED TO MARCH.
PRECIPITATION FOR THE MONTH IN HAVRE WAS 0.51 INCHES BELOW NORMAL.
THE AVERAGE TEMPERATURE WAS RIGHT AT AVERAGE FOR THE MONTH.

$$
