000
CXUS51 KLWX 051257 CCA
CLMIAD

CLIMATE REPORT...CORRECTED
NATIONAL WEATHER SERVICE BALTIMORE MD/WASHINGTON DC
857 AM EDT SUN APR 5 2015

...................................

...THE WASHINGTON DULLES DC CLIMATE SUMMARY FOR THE MONTH OF MARCH 2015...

CLIMATE NORMAL PERIOD 1981 TO 2010
CLIMATE RECORD PERIOD 1962 TO 2015

WEATHER         OBSERVED          NORMAL  DEPART  LAST YEAR`S
                 VALUE   DATE(S)  VALUE   FROM    VALUE
                                          NORMAL
.............................................................
TEMPERATURE (F)
RECORD
 HIGH              89   03/30/1998
                        03/12/1990
 LOW                    03/04/2014
                        03/15/1993
                        01/17/1982
HIGHEST            74   03/26        77      -3
LOWEST              2   03/07        15     -13
AVG. MAXIMUM     51.3              55.5    -4.2     48.3
AVG. MINIMUM     29.2              32.9    -3.7     26.5
MEAN             40.2              44.2    -4.0
DAYS MAX >= 90      0               0.0     0.0
DAYS MAX <= 32      2               0.6     1.4
DAYS MIN <= 32     20              15.2     4.8
DAYS MIN <= 0       0               0.0     0.0

PRECIPITATION (INCHES)
RECORD
 MAXIMUM         7.65   1973
 MINIMUM         0.07   2006
TOTALS           3.92              3.38    0.54     4.10
DAILY AVG.       0.13              0.11    0.02
DAYS >= .01        10              10.5    -0.5
DAYS >= .10         8               6.8     1.2
DAYS >= .50         5               2.1     2.9
DAYS >= 1.00        0               0.9    -0.9
GREATEST
 24 HR. TOTAL    0.88   03/05 TO 03/05

SNOWFALL (INCHES)
RECORDS
 TOTAL           15.5   1993
TOTALS           10.5               2.8     7.7     19.8
SINCE 7/1        36.9              21.7    15.2
SNOWDEPTH AVG.      1
DAYS >= TRACE       5               1.5     3.5
DAYS >= 1.0         1               0.9     0.1
GREATEST
 SNOW DEPTH         5   03/06
 24 HR TOTAL      9.5

DEGREE_DAYS
HEATING TOTAL     761               647     114      849
 SINCE 7/1       4762              4237     525     4680
COOLING TOTAL       0                 3      -3        0
 SINCE 1/1          0                 3      -3        0
..............................................................

WIND (MPH)
AVERAGE WIND SPEED              7.6
HIGHEST WIND SPEED/DIRECTION    36/310    DATE  03/15
HIGHEST GUST SPEED/DIRECTION    47/310    DATE  03/15

SKY COVER
POSSIBLE SUNSHINE (PERCENT)   MM
AVERAGE SKY COVER           0.60
NUMBER OF DAYS FAIR            6
NUMBER OF DAYS PC             13
NUMBER OF DAYS CLOUDY         12

AVERAGE RH (PERCENT)     59

WEATHER CONDITIONS. NUMBER OF DAYS WITH
THUNDERSTORM              0     MIXED PRECIP               1
HEAVY RAIN                1     RAIN                       7
LIGHT RAIN               15     FREEZING RAIN              0
LT FREEZING RAIN          2     HAIL                       0
HEAVY SNOW                0     SNOW                       2
LIGHT SNOW                3     SLEET                      4
FOG                      13     FOG W/VIS <= 1/4 MILE      4
HAZE                      3

-  INDICATES NEGATIVE NUMBERS.
R  INDICATES RECORD WAS SET OR TIED.
MM INDICATES DATA IS MISSING.
T  INDICATES TRACE AMOUNT.

&&

DULLES INTERNATIONAL AIRPORT...

THE MONTHLY AVERAGE TEMPERATURE WAS WELL BELOW NORMAL. MONTHLY
PRECIPITATION WAS ABOVE NORMAL.

THIS IS THE FIRST TIME BACK-TO-BACK YEARS HAD BELOW NORMAL MONTHLY
AVERAGE TEMPERATURES IN JANUARY FEBRUARY AND MARCH SINCE 1987-1988.

PRELIMINARILY...2015 APPEARS TO BE OFF TO THE THIRD COLDEST START OF
ANY YEAR ON RECORD WITH AN AVERAGE TEMPERATURE OF 31.8 DEGREES.

A RECORD DAILY LOW TEMPERATURE OF 9 DEGREES WAS SET ON THE 6TH. THIS
BROKE THE OLD RECORD OF 15 SET IN 1978. A RECORD DAILY LOW MAXIMUM
TEMPERATURE OF 27 DEGREES WAS ALSO SET ON THE 6TH...BREAKING THE OLD
RECORD OF 32 SET IN 2007.

A SECOND RECORD DAILY LOW TEMPERATURE OF 2 DEGREES WAS SET ON THE
7TH. THIS BROKE THE OLD RECORD OF 14 SET IN 1985.

A SECOND RECORD DAILY LOW MAXIMUM TEMPERATURE OF 37 DEGREES WAS SET
ON THE 28TH. THIS BROKE THE OLD RECORD OF 39 SET IN 1996. THIS ALSO
WAS THE COLDEST DAY FOR SO LATE IN THE SEASON AT DULLES SINCE MARCH
30TH 1964...WHICH HAD A HIGH OF 37 DEGREES.

MONTHLY SNOWFALL WAS ABOVE NORMAL. THIS IS THE THIRD CONSECUTIVE
MARCH WITH ABOVE NORMAL SNOWFALL...AND THE FIRST TIME THREE
CONSECUTIVE MARCHES HAVE HAD ABOVE NORMAL SNOWFALL ON RECORD AT
IAD.

A RECORD DAILY MAXIMUM SNOWFALL OF 9.5 INCHES WAS SET ON THE
5TH...BREAKING THE OLD RECORD OF 1.0 INCH SET IN 2001. THIS WAS ALSO
THE HIGHEST CALENDAR DAY SNOWFALL IN THE MONTH OF MARCH SINCE MARCH
13TH 1993.

$$

...CORRECTED FOR JAN-FEB-MAR AVERAGE TEMPERATURE IN SUMMARY...

DH/SMZ
