000
CXUS53 KUNR 011903
CLMICR


CLIMATE REPORT
NATIONAL WEATHER SERVICE RAPID CITY SD
103 PM MDT FRI MAY 1 2015

...................................

...THE WINNER REGIONAL AIRPORT SD CLIMATE SUMMARY FOR THE MONTH OF APRIL 2015...

CLIMATE NORMAL PERIOD 1981 TO 2010
CLIMATE RECORD PERIOD 9999 TO 9999

WEATHER         OBSERVED          NORMAL  DEPART  LAST YEAR`S
                 VALUE   DATE(S)  VALUE   FROM    VALUE  DATE(S)
                                          NORMAL
................................................................
TEMPERATURE (F)
HIGHEST            84   04/30                         85  04/09
LOWEST             25   04/03                          9  04/01
AVG. MAXIMUM     65.1              59.6     5.5     62.8
AVG. MINIMUM     38.9              35.9     3.0     35.0
MEAN             52.0              47.7     4.3     48.9
DAYS MAX >= 90      0                                  0
DAYS MAX <= 32      0                                  0
DAYS MIN <= 32      6                                 11
DAYS MIN <= 0       0                                  0

PRECIPITATION (INCHES)
TOTALS           0.74              2.49   -1.75     2.31
DAILY AVG.       0.02              0.08   -0.06     0.08
DAYS >= .01         7                                  6
DAYS >= .10         4                                  4
DAYS >= .50         0                                  2
DAYS >= 1.00        0                                  1
GREATEST
 24 HR. TOTAL    0.37   04/08 TO 04/09              1.81

DEGREE_DAYS
HEATING TOTAL     388               519    -131      479
 SINCE 7/1       5773              6404    -631     6762
COOLING TOTAL       6                 2       4        3
 SINCE 1/1         12                 2      10        3
.................................................................

WIND (MPH)
AVERAGE WIND SPEED              13.2
HIGHEST WIND SPEED/DIRECTION    36/310    DATE  04/20
HIGHEST GUST SPEED/DIRECTION    49/310    DATE  04/20

AVERAGE RH (PERCENT)     50

WEATHER CONDITIONS. NUMBER OF DAYS WITH
THUNDERSTORM              0     MIXED PRECIP               0
HEAVY RAIN                0     RAIN                       4
LIGHT RAIN               10     FREEZING RAIN              0
LT FREEZING RAIN          0     HAIL                       0
HEAVY SNOW                0     SNOW                       1
LIGHT SNOW                2     SLEET                      0
FOG                       7     FOG W/VIS <= 1/4 MILE      4
HAZE                     14

-  INDICATES NEGATIVE NUMBERS.
R  INDICATES RECORD WAS SET OR TIED.
MM INDICATES DATA IS MISSING.
T  INDICATES TRACE AMOUNT.

$$
