000
CXUS53 KLBF 011000
CLMIML


CLIMATE REPORT
NATIONAL WEATHER SERVICE NORTH PLATTE
457 AM CDT FRI MAY 1 2015

...................................

...THE IMPERIAL NE CLIMATE SUMMARY FOR THE MONTH OF APRIL 2015...

CLIMATE NORMAL PERIOD 1981 TO 2010
CLIMATE RECORD PERIOD 1893 TO 2015

WEATHER         OBSERVED          NORMAL  DEPART  LAST YEAR`S
                 VALUE   DATE(S)  VALUE   FROM    VALUE  DATE(S)
                                          NORMAL
................................................................
TEMPERATURE (F)
RECORD
 HIGH              95   04/30/1992
                        04/22/1989
 LOW                    04/01/1936
HIGHEST            82   04/30        85      -3       86  04/26
LOWEST             23   04/14        19       4       23  04/14
                        04/13                             04/04
                                                          04/01
AVG. MAXIMUM     64.4              62.4     2.0     65.4
AVG. MINIMUM     36.3              34.6     1.7     34.8
MEAN             50.4              48.5     1.9     50.1
DAYS MAX >= 90      0               0.0     0.0        0
DAYS MAX <= 32      0               0.1    -0.1        0
DAYS MIN <= 32     10              10.9    -0.9       14
DAYS MIN <= 0       0               0.0     0.0        0

PRECIPITATION (INCHES)
RECORD
 MAXIMUM         6.73   1971
 MINIMUM         0.10   1992
TOTALS           2.10              1.97    0.13     0.72
DAILY AVG.       0.07              0.07    0.00     0.02
DAYS >= .01        13                MM      MM        6
DAYS >= .10         6                MM      MM        2
DAYS >= .50         1                MM      MM        0
DAYS >= 1.00        0                MM      MM        0
GREATEST
 24 HR. TOTAL    0.77   04/17 TO 04/17           04/27 TO 04/28
                                                          04/28 TO 04/28
                                                          04/28 TO 04/28

SNOWFALL (INCHES)
TOTALS             MM

DEGREE_DAYS
HEATING TOTAL     430               496     -66      442
 SINCE 7/1       5478              5865    -387     6013
COOLING TOTAL       0                 1      -1        1
 SINCE 1/1          0                 1      -1        1
.........................................................

WIND (MPH)
HIGHEST WIND SPEED/DIRECTION    37/360    DATE  04/19
HIGHEST GUST SPEED/DIRECTION    51/130    DATE  04/15

AVERAGE RH (PERCENT)     64

WEATHER CONDITIONS. NUMBER OF DAYS WITH
THUNDERSTORM              0     MIXED PRECIP               0
HEAVY RAIN                1     RAIN                       2
LIGHT RAIN               14     FREEZING RAIN              0
LT FREEZING RAIN          0     HAIL                       0
HEAVY SNOW                0     SNOW                       0
LIGHT SNOW                2     SLEET                      0
FOG                      14     FOG W/VIS <= 1/4 MILE      2
HAZE                      4

-  INDICATES NEGATIVE NUMBERS.
R  INDICATES RECORD WAS SET OR TIED.
MM INDICATES DATA IS MISSING.
T  INDICATES TRACE AMOUNT.

$$
