000
CXUS53 KIND 011507
CLMIND


CLIMATE REPORT
NATIONAL WEATHER SERVICE INDIANAPOLIS IN
1107 AM EDT WED APR 1 2015

...................................

...THE INDIANAPOLIS IN CLIMATE SUMMARY FOR THE MONTH OF MARCH 2015...

CLIMATE NORMAL PERIOD 1981 TO 2010
CLIMATE RECORD PERIOD 1871 TO 2015

WEATHER         OBSERVED          NORMAL  DEPART  LAST YEAR`S
                 VALUE   DATE(S)  VALUE   FROM    VALUE  DATE(S)
                                          NORMAL
................................................................
TEMPERATURE (F)
RECORD
 HIGH              85   03/31/1981
 LOW               -7   03/02/1980
HIGHEST            74   03/16                         68  03/21
                                                          03/11
LOWEST              2   03/06                          7  03/04
                                                          03/03
AVG. MAXIMUM     48.7              51.7    -3.0     46.8
AVG. MINIMUM     29.8              32.8    -3.0     24.7
MEAN             39.2              42.2    -3.0     35.7
DAYS MAX >= 90      0               0.0     0.0        0
DAYS MAX <= 32      3               1.3     1.7        4
DAYS MIN <= 32     16              15.3     0.7       23
DAYS MIN <= 0       0               0.0     0.0        0

PRECIPITATION (INCHES)
RECORD
 MAXIMUM        10.95   1904
 MINIMUM         0.07   1910
TOTALS           3.53              3.56   -0.03     2.38
DAILY AVG.       0.11              0.11    0.00     0.08
DAYS >= .01        13              11.9     1.1        5
DAYS >= .10         7               6.7     0.3        4
DAYS >= .50         4               2.4     1.6        2
DAYS >= 1.00        0               0.8    -0.8        1
GREATEST
 24 HR. TOTAL    0.63   03/25 TO 03/25

SNOWFALL (INCHES)
RECORDS
 TOTAL           30.4   1906
 SNOW DEPTH        15   03/19/1906
TOTALS            5.9               2.6     3.3      3.1
SINCE 7/1        25.6              25.7    -0.1     55.4
SNOWDEPTH AVG.      2
DAYS >= 1.0         1               0.7     0.3        1
DAYS >= 0.1         1                                  3
GREATEST
 SNOW DEPTH        11   03/02                          2  03/03
                        03/01                             03/04
 24 HR TOTAL      5.9   03/01 TO 03/01               2.4  03/02 TO 03/02

DEGREE_DAYS
HEATING TOTAL     790               707      83      899
 SINCE 7/1       5516              4850     666     5696
COOLING TOTAL       0                 2      -2        0
 SINCE 1/1          0                 2      -2        0
...................................................

WIND (MPH)
AVERAGE WIND SPEED              9.7
HIGHEST WIND SPEED/DIRECTION    28/190    DATE  03/29
HIGHEST GUST SPEED/DIRECTION    36/170    DATE  03/29

SKY COVER
POSSIBLE SUNSHINE (PERCENT)   MM
AVERAGE SKY COVER           0.70
NUMBER OF DAYS FAIR            4
NUMBER OF DAYS PC             14
NUMBER OF DAYS CLOUDY         13

AVERAGE RH (PERCENT)     65

WEATHER CONDITIONS. NUMBER OF DAYS WITH
THUNDERSTORM              1     MIXED PRECIP               0
HEAVY RAIN                1     RAIN                       6
LIGHT RAIN               13     FREEZING RAIN              1
LT FREEZING RAIN          1     HAIL                       0
HEAVY SNOW                1     SNOW                       2
LIGHT SNOW                3     SLEET                      2
FOG                      15     FOG W/VIS <= 1/4 MILE      3
HAZE                     13

-  INDICATES NEGATIVE NUMBERS.
R  INDICATES RECORD WAS SET OR TIED.
MM INDICATES DATA IS MISSING.
T  INDICATES TRACE AMOUNT.

$$
