000
CXUS53 KDVN 011048
CLMIOW


CLIMATE REPORT
NATIONAL WEATHER SERVICE QUAD CITIES IA IL
542 AM CDT WED APR 1 2015

...................................

...THE IOWA CITY IA CLIMATE SUMMARY FOR THE MONTH OF MARCH 2015...

CLIMATE NORMAL PERIOD 1981 TO 2010
CLIMATE RECORD PERIOD 9999 TO 9999

WEATHER         OBSERVED          NORMAL  DEPART
                 VALUE   DATE(S)  VALUE   FROM
                                          NORMAL
................................................
TEMPERATURE (F)
HIGHEST            82   03/16        56      26
LOWEST             -2   03/05        23     -25
AVG. MAXIMUM     49.8              48.2     1.6
AVG. MINIMUM     25.3              29.1    -3.8
MEAN             37.6              38.6    -1.0
DAYS MAX >= 90      0
DAYS MAX <= 32      4
DAYS MIN <= 32     25
DAYS MIN <= 0       1

PRECIPITATION (INCHES)
TOTALS           0.53              2.22   -1.69
DAILY AVG.       0.02              0.07   -0.05
DAYS >= .01         4
DAYS >= .10         2
DAYS >= .50         0
DAYS >= 1.00        0
GREATEST
 24 HR. TOTAL    0.23   03/23 TO 03/23

DEGREE_DAYS
HEATING TOTAL     844               817      27
 SINCE 7/1       6209              5767     442
COOLING TOTAL       0                 0       0
 SINCE 1/1          0                 0       0
.................................................

WIND (MPH)
AVERAGE WIND SPEED              8.5
HIGHEST WIND SPEED/DIRECTION    30/290    DATE  03/29
HIGHEST GUST SPEED/DIRECTION    41/300    DATE  03/29

SKY COVER
POSSIBLE SUNSHINE (PERCENT)   MM
AVERAGE SKY COVER           0.30
NUMBER OF DAYS FAIR           20
NUMBER OF DAYS PC              7
NUMBER OF DAYS CLOUDY          4

AVERAGE RH (PERCENT)     65

WEATHER CONDITIONS. NUMBER OF DAYS WITH
THUNDERSTORM              0     HAIL                       0
SLEET                     0     FOG                       12
FOG W/VIS <= 1/4 MILE     2     HAZE                       8

-  INDICATES NEGATIVE NUMBERS.
R  INDICATES RECORD WAS SET OR TIED.
MM INDICATES DATA IS MISSING.
T  INDICATES TRACE AMOUNT.

$$
