000
CXUS51 KCTP 011100
CLMIPT

PHLCLMIPT 000
TTAA00 KCTP 011026


CLIMATE REPORT
NATIONAL WEATHER SERVICE STATE COLLEGE PA
655 AM EDT WED APR 1 2015

...................................

...THE WILLIAMSPORT PA CLIMATE SUMMARY FOR THE MONTH OF MARCH 2015...

CLIMATE NORMAL PERIOD 1981 TO 2010
CLIMATE RECORD PERIOD 1895 TO 2015

WEATHER         OBSERVED          NORMAL  DEPART  LAST YEAR`S
                 VALUE   DATE(S)  VALUE   FROM    VALUE  DATE(S)
                                          NORMAL
................................................................
TEMPERATURE (F)
RECORD
 HIGH              87   03/31/1998
                        03/30/1986
 LOW               -5   03/18/1916
HIGHEST            54   03/30                         65  03/11
                        03/11
LOWEST              1   03/06                          3  03/04
AVG. MAXIMUM     42.1              47.9    -5.8     42.4
AVG. MINIMUM     23.6              28.6    -5.0     22.6
MEAN             32.9              38.2    -5.3     32.5
DAYS MAX >= 90      0               0.0     0.0        0
DAYS MAX <= 32      3               1.9     1.1        6
DAYS MIN <= 32     28              20.4     7.6       25
DAYS MIN <= 0       0               0.1    -0.1        0

PRECIPITATION (INCHES)
RECORD
 MAXIMUM         8.95   1936
 MINIMUM         0.42   1910
TOTALS           2.37              2.97   -0.60     2.89
DAILY AVG.       0.08              0.10   -0.02     0.09
DAYS >= .01        10              11.5    -1.5        6
DAYS >= .10         7               6.5     0.5        3
DAYS >= .50         0               2.0    -2.0        2
DAYS >= 1.00        0               0.5    -0.5        1
GREATEST
 24 HR. TOTAL    0.46   03/31 TO 03/31                                                                                                                              03/29 TO 03/29

SNOWFALL (INCHES)
RECORDS
 TOTAL           35.6   1916
TOTALS           11.4               6.9     4.5      0.1
SINCE 7/1        44.4              34.9     9.5     45.9
SNOWDEPTH AVG.      2                MM      MM        0
DAYS >= 1.0         4               1.6     2.4        0
GREATEST
 SNOW DEPTH         7   03/02


 24 HR TOTAL      4.3   MM


DEGREE_DAYS
HEATING TOTAL     989               829     160     1000
 SINCE 7/1       5626              5296     330     5832
COOLING TOTAL       0                 0       0        0
 SINCE 1/1          0                 0       0        0
..........................................................

WIND (MPH)
AVERAGE WIND SPEED              6.9
HIGHEST WIND SPEED/DIRECTION    32/320    DATE  03/17
HIGHEST GUST SPEED/DIRECTION    44/320    DATE  03/17

SKY COVER
POSSIBLE SUNSHINE (PERCENT)   MM
AVERAGE SKY COVER           0.50
NUMBER OF DAYS FAIR           12
NUMBER OF DAYS PC             10
NUMBER OF DAYS CLOUDY          9

AVERAGE RH (PERCENT)     59

WEATHER CONDITIONS. NUMBER OF DAYS WITH
THUNDERSTORM              0     MIXED PRECIP               0
HEAVY RAIN                0     RAIN                       3
LIGHT RAIN               12     FREEZING RAIN              0
LT FREEZING RAIN          1     HAIL                       0
HEAVY SNOW                1     SNOW                       3
LIGHT SNOW               11     SLEET                      1
FOG                      12     FOG W/VIS <= 1/4 MILE      3
HAZE                      6

-  INDICATES NEGATIVE NUMBERS.
R  INDICATES RECORD WAS SET OR TIED.
MM INDICATES DATA IS MISSING.
T  INDICATES TRACE AMOUNT.

&&

THE 4.3 INCHES OF SNOW THAT FELL ON 3/31 WAS THE HEAVIEST FOR THE MONTH.
THIS VALUE ALSO BROKE THE OLD RECORD FOR THE DATE. THE OLD RECORD WAS
3.1 INCHES SET IN 1961.

MARCH 2015 WAS ONLY SLIGHTLY WARMER THAN LAST YEAR. THE MEAN TEMPERATURE
OF 32.9 DEGREES WAS .4 DEGREES WARMER THAN LAST YEAR. LAST YEAR HAD A
MEAN TEMPERATURE OF 32.5. THIS MARCH WAS TIED MARCH 1996 FOR THE 8TH COLDEST
MARCH ON RECORD. A BIG CHANGE FROM THE RECORD WARM MARCH THAT WE SAW IN 2012.
THE MEAN TEMPERATURE FOR MARCH 2012 WAS 49.3 DEGREES.

$$

MARTIN
