000
CXHW53 PHFO 132349
CLMITO


CLIMATE REPORT
NATIONAL WEATHER SERVICE HONOLULU HI
149 PM HST MON APR 13 2015

...................................

...THE HILO HI CLIMATE SUMMARY FOR THE MONTH OF MARCH 2015...

CLIMATE NORMAL PERIOD 1981 TO 2010
CLIMATE RECORD PERIOD 1946 TO 2015

WEATHER         OBSERVED          NORMAL  DEPART  LAST YEAR`S
                 VALUE   DATE(S)  VALUE   FROM    VALUE  DATE(S)
                                          NORMAL
................................................................
TEMPERATURE (F)
RECORD
 HIGH              93   03/23/1972
 LOW               48   03/06/2013
HIGHEST            84   03/31        79       5       87  03/06
                        03/18
LOWEST             63   03/20        65      -2       60  03/06
                        03/18
AVG. MAXIMUM     79.4              79.0     0.4     79.5
AVG. MINIMUM     65.8              64.6     1.2     65.3
MEAN             72.6              71.8     0.8     72.4
DAYS MAX >= 90      0               0.0     0.0        0
DAYS MAX <= 32      0               0.0     0.0        0
DAYS MIN <= 32      0               0.0     0.0        0
DAYS MIN <= 0       0               0.0     0.0        0

PRECIPITATION (INCHES)
RECORD
 MAXIMUM        49.93   1980
 MINIMUM         0.88   1972
TOTALS           8.92             13.43   -4.51    18.73
DAILY AVG.       0.29              0.43   -0.14     0.60
DAYS >= .01        20              21.4    -1.4       24
DAYS >= .10        14              14.9    -0.9       18
DAYS >= .50         6               6.4    -0.4       10
DAYS >= 1.00        3               3.5    -0.5        6
GREATEST
 24 HR. TOTAL    2.39   03/04 TO 03/04              3.80

SNOWFALL (INCHES)
RECORDS
 TOTAL             MM   5
TOTALS            0.0               0.0     0.0      0.0
SINCE 7/1         0.0               0.0     0.0      0.0
SNOWDEPTH AVG.      0                MM      MM        0
DAYS >= 1.0         0               0.0     0.0        0
GREATEST
 SNOW DEPTH         0   MM                             0  MM
 24 HR TOTAL      0.0   03/31 TO 03/31               0.0

DEGREE_DAYS
HEATING TOTAL       0                 0       0        0
 SINCE 7/1          0                 0       0        0
COOLING TOTAL     241               211      30      236
 SINCE 1/1        767               581     186      694
.................................................................

WIND (MPH)
AVERAGE WIND SPEED              7.4
HIGHEST WIND SPEED/DIRECTION    25/340    DATE  03/04
HIGHEST GUST SPEED/DIRECTION    33/340    DATE  03/04

SKY COVER
POSSIBLE SUNSHINE (PERCENT)   MM
AVERAGE SKY COVER           0.80
NUMBER OF DAYS FAIR            1
NUMBER OF DAYS PC             15
NUMBER OF DAYS CLOUDY         15

AVERAGE RH (PERCENT)     75

WEATHER CONDITIONS. NUMBER OF DAYS WITH
THUNDERSTORM              0     MIXED PRECIP               0
HEAVY RAIN               10     RAIN                      10
LIGHT RAIN               23     FREEZING RAIN              0
LT FREEZING RAIN          0     HAIL                       0
HEAVY SNOW                0     SNOW                       0
LIGHT SNOW                0     SLEET                      0
FOG                      18     FOG W/VIS <= 1/4 MILE      0
HAZE                      5

-  INDICATES NEGATIVE NUMBERS.
R  INDICATES RECORD WAS SET OR TIED.
MM INDICATES DATA IS MISSING.
T  INDICATES TRACE AMOUNT.

$$
