000
CXUS52 KJAX 011811
CLMJAX

CLIMATE REPORT
NATIONAL WEATHER SERVICE JACKSONVILLE FL
209 PM EDT WED APR 1 2015

...................................

...THE JACKSONVILLE CLIMATE SUMMARY FOR THE MONTH OF MARCH 2015...

CLIMATE NORMAL PERIOD 1981 TO 2010
CLIMATE RECORD PERIOD 1871 TO 2015

WEATHER         OBSERVED          NORMAL  DEPART  LAST YEAR`S
                 VALUE   DATE(S)  VALUE   FROM    VALUE  DATE(S)
                                          NORMAL
................................................................
TEMPERATURE (F)
RECORD
 HIGH              91   03/10/1974
                        03/12/1967
                        03/23/1935
 LOW               23   03/03/1980
HIGHEST            88   03/17        73      15       84  03/16
LOWEST             38   03/08        50     -12       35  03/14
AVG. MAXIMUM     76.5              73.7     2.8     70.7
AVG. MINIMUM     54.1              49.7     4.4     47.6
MEAN             65.3              61.7     3.6     59.2
DAYS MAX >= 90      0               0.0     0.0        0
DAYS MAX <= 32      0               0.0     0.0        0
DAYS MIN <= 32      0               0.8    -0.8        0
DAYS MIN <= 0       0               0.0     0.0        0

PRECIPITATION (INCHES)
RECORD
 MAXIMUM        12.52   1948
 MINIMUM         0.12   1945
TOTALS           2.29              3.95   -1.66     4.65
DAILY AVG.       0.07              0.13   -0.06     0.15
DAYS >= .01        10               8.2     1.8        9
DAYS >= .10         6               5.9     0.1        7
DAYS >= .50         2               2.5    -0.5        4
DAYS >= 1.00        0               1.2    -1.2        1
GREATEST
 24 HR. TOTAL    0.53

SNOWFALL (INCHES)
RECORDS
 TOTAL            0.5   1986
TOTALS            0.0                 T     0.0      0.0
SINCE 7/1           T                 T     0.0      0.0
SNOWDEPTH AVG.      0                MM      MM        0
DAYS >= 1.0         0               0.0     0.0        0
GREATEST
 SNOW DEPTH         0   MM                             0  MM
 24 HR TOTAL      0.0

DEGREE_DAYS
HEATING TOTAL      87               156     -69      199
 SINCE 7/1       1335              1289      46     1276
COOLING TOTAL     103                54      49       28
 SINCE 1/1        116                83      33       58
.................................................................

WIND (MPH)
AVERAGE WIND SPEED              7.2
HIGHEST WIND SPEED/DIRECTION    28/290    DATE  03/05
HIGHEST GUST SPEED/DIRECTION    39/280    DATE  03/05

SKY COVER
POSSIBLE SUNSHINE (PERCENT)   MM
AVERAGE SKY COVER           0.70
NUMBER OF DAYS FAIR            5
NUMBER OF DAYS PC             11
NUMBER OF DAYS CLOUDY         15

AVERAGE RH (PERCENT)     77

WEATHER CONDITIONS. NUMBER OF DAYS WITH
THUNDERSTORM              0     MIXED PRECIP               0
HEAVY RAIN                5     RAIN                       4
LIGHT RAIN               11     FREEZING RAIN              0
LT FREEZING RAIN          0     HAIL                       0
HEAVY SNOW                0     SNOW                       0
LIGHT SNOW                0     SLEET                      0
FOG                      21     FOG W/VIS <= 1/4 MILE      8
HAZE                      2

-  INDICATES NEGATIVE NUMBERS.
R  INDICATES RECORD WAS SET OR TIED.
MM INDICATES DATA IS MISSING.
T  INDICATES TRACE AMOUNT.

$$
