000
CXUS53 KLBF 011000
CLMLBF


CLIMATE REPORT
NATIONAL WEATHER SERVICE NORTH PLATTE
457 AM CDT FRI MAY 1 2015

...................................

...THE NORTH PLATTE NE CLIMATE SUMMARY FOR THE MONTH OF APRIL 2015...

CLIMATE NORMAL PERIOD 1981 TO 2010
CLIMATE RECORD PERIOD 1874 TO 2015

WEATHER         OBSERVED          NORMAL  DEPART  LAST YEAR`S
                 VALUE   DATE(S)  VALUE   FROM    VALUE  DATE(S)
                                          NORMAL
................................................................
TEMPERATURE (F)
RECORD
 HIGH              98   04/30/1992
 LOW               -3   04/02/1936
HIGHEST            81   04/01        85      -4       83  04/09
LOWEST             22   04/10        18       4       17  04/15
                        04/03
AVG. MAXIMUM     64.9              62.2     2.7     63.2
AVG. MINIMUM     35.8              33.0     2.8     32.8
MEAN             50.3              47.6     2.7     48.0
DAYS MAX >= 90      0               0.2    -0.2        0
DAYS MAX <= 32      0               0.3    -0.3        0
DAYS MIN <= 32     11              13.8    -2.8       12
DAYS MIN <= 0       0               0.0     0.0        0

PRECIPITATION (INCHES)
RECORD
 MAXIMUM         7.10   1915
 MINIMUM         0.04   1928
TOTALS           3.01              2.27    0.74     0.64
DAILY AVG.       0.10              0.08    0.02     0.02
DAYS >= .01        12               8.4     3.6        4
DAYS >= .10         7               4.6     2.4        2
DAYS >= .50         1               1.4    -0.4        0
DAYS >= 1.00        1               0.4     0.6        0
GREATEST
 24 HR. TOTAL    1.08   04/18 TO 04/18           04/28 TO 04/28
                                                          04/13 TO 04/13
                                                          04/13 TO 04/13

SNOWFALL (INCHES)
RECORDS
 TOTAL           14.8   1886
TOTALS            2.1               3.2    -1.1      1.1
SINCE 7/1        21.3              28.5    -7.2     29.8
SNOWDEPTH AVG.      0                MM      MM        0
DAYS >= 1.0         1               0.9     0.1        1
GREATEST
 SNOW DEPTH         0   MM                             0  MM
 24 HR TOTAL      1.5   04/09 TO 04/09

DEGREE_DAYS
HEATING TOTAL     436               525     -89      502
 SINCE 7/1       5984              6390    -406     6567
COOLING TOTAL       2                 3      -1        2
 SINCE 1/1          2                 3      -1        2
....................................................

WIND (MPH)
AVERAGE WIND SPEED              10.4
HIGHEST WIND SPEED/DIRECTION    33/350    DATE  04/19
HIGHEST GUST SPEED/DIRECTION    46/230    DATE  04/04

SKY COVER
POSSIBLE SUNSHINE (PERCENT)   MM
AVERAGE SKY COVER           0.30
NUMBER OF DAYS FAIR           16
NUMBER OF DAYS PC              8
NUMBER OF DAYS CLOUDY          3

AVERAGE RH (PERCENT)     61

WEATHER CONDITIONS. NUMBER OF DAYS WITH
THUNDERSTORM              0     MIXED PRECIP               0
HEAVY RAIN                1     RAIN                       4
LIGHT RAIN               13     FREEZING RAIN              0
LT FREEZING RAIN          0     HAIL                       0
HEAVY SNOW                0     SNOW                       0
LIGHT SNOW                1     SLEET                      0
FOG                       6     FOG W/VIS <= 1/4 MILE      1
HAZE                      0

-  INDICATES NEGATIVE NUMBERS.
R  INDICATES RECORD WAS SET OR TIED.
MM INDICATES DATA IS MISSING.
T  INDICATES TRACE AMOUNT.

$$
