000
CXUS46 KOTX 011139
CLMLWS

CLIMATE REPORT
NATIONAL WEATHER SERVICE SPOKANE, WA
418 AM PDT FRI MAY 1 2015

...................................

...THE LEWISTON ID AIRPORT CLIMATE SUMMARY FOR THE MONTH OF APRIL 2015...

CLIMATE NORMAL PERIOD 1981 TO 2010
CLIMATE RECORD PERIOD 1881 TO 2015

WEATHER         OBSERVED          NORMAL  DEPART  LAST YEAR`S
                 VALUE   DATE(S)  VALUE   FROM    VALUE  DATE(S)
                                          NORMAL
................................................................
TEMPERATURE (F)
RECORD
 HIGH              99   04/24/1946
 LOW               20   04/19/1966
HIGHEST            86   04/28        MM      MM       78  04/30
LOWEST             32   04/05        MM      MM       34  04/14
                                                          04/13
AVG. MAXIMUM     64.2              62.3     1.9     62.6
AVG. MINIMUM     38.1              40.3    -2.2     39.9
MEAN             51.2              51.3    -0.1     51.3
DAYS MAX >= 90      0               0.0     0.0        0
DAYS MAX <= 32      0               0.0     0.0        0
DAYS MIN <= 32      1               2.2    -1.2        0
DAYS MIN <= 0       0               0.0     0.0        0

PRECIPITATION (INCHES)
RECORD
 MAXIMUM         3.29   1978
 MINIMUM         0.05   1956
TOTALS           0.29              1.32   -1.03     1.00
DAILY AVG.       0.01              0.04   -0.03     0.03
DAYS >= .01         7              10.2    -3.2       13
DAYS >= .10         1               4.0    -3.0        5
DAYS >= .50         0               0.4    -0.4        0
DAYS >= 1.00        0               0.0     0.0        0
GREATEST
 24 HR. TOTAL    0.14   04/05 TO 04/06           04/17 TO 04/18
                                                          04/30 TO 04/30
                                                          04/30 TO 04/30

SNOWFALL (INCHES)
RECORDS
 TOTAL            1.1   1972
TOTALS            0.0               0.0     0.0      0.0
SINCE 7/1         1.5              10.5    -9.0     16.5
SNOWDEPTH AVG.      0                MM      MM        0
DAYS >= 1.0         0               0.0     0.0        0
GREATEST
 SNOW DEPTH         0   MM                             0  MM
 24 HR TOTAL      0.0   04/29 TO 04/29           04/30 TO 04/30
                                                          04/30 TO 04/30
                                                          04/30 TO 04/30

DEGREE_DAYS
HEATING TOTAL     408               413      -5      403
 SINCE 7/1       4119              4880    -761     5161
COOLING TOTAL       1                 2      -1        0
 SINCE 1/1          1                 2      -1        0
.................................................

WIND (MPH)
AVERAGE WIND SPEED              6.1
HIGHEST WIND SPEED/DIRECTION    31/260    DATE  04/14
HIGHEST GUST SPEED/DIRECTION    40/260    DATE  04/11

SKY COVER
POSSIBLE SUNSHINE (PERCENT)   MM
AVERAGE SKY COVER           0.30
NUMBER OF DAYS FAIR           19
NUMBER OF DAYS PC             10
NUMBER OF DAYS CLOUDY          1

AVERAGE RH (PERCENT)     54

WEATHER CONDITIONS. NUMBER OF DAYS WITH
THUNDERSTORM              0     MIXED PRECIP               0
HEAVY RAIN                0     RAIN                       0
LIGHT RAIN               12     FREEZING RAIN              0
LT FREEZING RAIN          0     HAIL                       0
HEAVY SNOW                0     SNOW                       0
LIGHT SNOW                0     SLEET                      0
FOG                       2     FOG W/VIS <= 1/4 MILE      0
HAZE                      0

-  INDICATES NEGATIVE NUMBERS.
R  INDICATES RECORD WAS SET OR TIED.
MM INDICATES DATA IS MISSING.
T  INDICATES TRACE AMOUNT.

$$
--------------------------------------------------------------APRIL
2015 BROUGHT NORMAL TEMPERATURES AND DRIER THAN NORMAL CONDITIONS TO
SOUTHEAST WASHINGTON AND THE SOUTH IDAHO PANHANDLE.  FOR THE
LEWISTON AIRPORT ONLY 0.29 INCHES OF RAIN WAS MEASURED FOR THE
MONTH...THE 8TH DRIEST APRIL ON RECORD.

OVERALL APRIL BROUGHT SEVERAL TEMPERATURE SWINGS AS PERIODS OF WARM
HIGH PRESSURE WERE INTERUPTED BY COLD FRONT PASSAGES. THE COLDEST
STORM TRACKED THROUGH ON THE 6TH AND 14TH WITH WET SNOW FALLING
ABOVE 2500 FEET INCLUDING THE PALOUSE...CAMAS PRAIRIE...AND CENTRAL
PANHANDLE MOUNTAINS.  AROUND AN INCH OF SNOW FELL ON THE 6TH AT
DEARY...MOSCOW...AND SAINT MARIES. THE WARMEST STRETCH OCCURRED FROM
THE 17TH THROUGH THE 21ST AS STRONG HIGH PRESSURE RESULTED IN HIGH
TEMPERATURES WARMING INTO THE MID 70S TO AROUND 80.  ANOTHER ONE DAY
WARM SPELL OCCURRED ON THE 28TH WITH LEWISTON REACHING 86 DEGREES.

NO RECORDS WERE SET DURING THE MONTH AT THE LEWISTON AIRPORT.

$$
