000
CXUS53 KABR 021233
CLMMBG


CLIMATE REPORT
NATIONAL WEATHER SERVICE ABERDEEN SD
730 AM CDT SAT MAY 2 2015

...................................

...THE MOBRIDGE SD CLIMATE SUMMARY FOR THE MONTH OF APRIL 2015...

CLIMATE NORMAL PERIOD 1981 TO 2010
CLIMATE RECORD PERIOD 1911 TO 2015

WEATHER         OBSERVED          NORMAL  DEPART  LAST YEAR`S
                 VALUE   DATE(S)  VALUE   FROM    VALUE  DATE(S)
                                          NORMAL
................................................................
TEMPERATURE (F)
RECORD
 HIGH              96   04/30/1992
 LOW                1   04/03/1975
                        04/03/1936
HIGHEST            84   04/14        MM      MM       81  04/09
LOWEST             18   04/03        MM      MM        3  04/01
AVG. MAXIMUM     63.5              58.0     5.5     55.9
AVG. MINIMUM     33.8              32.5     1.3     28.8
MEAN             48.7              45.3     3.4     42.3
DAYS MAX >= 90      0               0.0     0.0        0
DAYS MAX <= 32      0               0.6    -0.6        2
DAYS MIN <= 32     12              14.2    -2.2       18
DAYS MIN <= 0       0               0.0     0.0        0

PRECIPITATION (INCHES)
RECORD
 MAXIMUM         5.37   1970
 MINIMUM         0.02   1952
TOTALS           0.50              1.57   -1.07     2.35
DAYS >= .01         6                MM      MM        7
DAYS >= .10         1                MM      MM        4
DAYS >= .50         0                MM      MM        2
DAYS >= 1.00        0                MM      MM        1

SNOWFALL (INCHES)
RECORDS
 TOTAL           16.3   5

 SNOW DEPTH        MM   MM
TOTALS              T                MM      MM      3.5
SINCE 7/1        18.7                MM      MM     44.3
SNOWDEPTH AVG.      0                MM      MM        0
DAYS >= TRACE       1
DAYS >= 1.0         0
GREATEST
 SNOW DEPTH         0   MM                             4  04/03

DEGREE_DAYS
HEATING TOTAL     482               593    -111      673
 SINCE 7/1       7049              7595    -546     8357
COOLING TOTAL       0                 1      -1        0
 SINCE 1/1          0                 1      -1        0

FREEZE DATES
RECORD
 EARLIEST     MM
 LATEST       MM
EARLIEST                        MM
LATEST                          MM
.................................................................

WIND (MPH)
AVERAGE WIND SPEED              12.3
RESULTANT WIND SPEED/DIRECTION   2/053
HIGHEST WIND SPEED/DIRECTION    39/330    DATE  04/20
HIGHEST GUST SPEED/DIRECTION    55/310    DATE  04/20

SKY COVER
POSSIBLE SUNSHINE (PERCENT)   MM
AVERAGE SKY COVER           0.30
NUMBER OF DAYS FAIR           19
NUMBER OF DAYS PC              6
NUMBER OF DAYS CLOUDY          5

AVERAGE RH (PERCENT)     54

WEATHER CONDITIONS. NUMBER OF DAYS WITH
THUNDERSTORM              0     MIXED PRECIP               0
HEAVY RAIN                0     RAIN                       1
LIGHT RAIN                8     FREEZING RAIN              0
LT FREEZING RAIN          0     HAIL                       0
HEAVY SNOW                0     SNOW                       0
LIGHT SNOW                1     SLEET                      0
FOG                       9     FOG W/VIS <= 1/4 MILE      0
HAZE                      3

-  INDICATES NEGATIVE NUMBERS.
R  INDICATES RECORD WAS SET OR TIED.
MM INDICATES DATA IS MISSING.
T  INDICATES TRACE AMOUNT.

$$
