000
CXUS56 KHNX 030652
CLMMCE

CLIMATE REPORT
NATIONAL WEATHER SERVICE SAN JOAQUIN VALLEY - HANFORD CA
1152 PM PDT THU APR 2 2015

...................................

...THE MERCED CA AIRPORT CLIMATE SUMMARY FOR THE MONTH OF MARCH 2015...

CLIMATE NORMAL PERIOD 1981 TO 2010
CLIMATE RECORD PERIOD 1998 TO 2015

WEATHER         OBSERVED          NORMAL  DEPART  LAST YEAR`S
                 VALUE   DATE(S)  VALUE   FROM    VALUE  DATE(S)
                                          NORMAL
................................................................
TEMPERATURE (F)
RECORD
 HIGH              88   03/27/2015
                        03/15/2015
 LOW               27   03/10/2009
HIGHEST            88R  03/27        MM      MM       83  03/24
                        03/15                             03/16
LOWEST             32   03/05        MM      MM       41  03/14
                        03/03
AVG. MAXIMUM     77.0              65.4    11.6     72.3
AVG. MINIMUM     44.5              41.8     2.7     46.9
MEAN             60.7              53.6     7.1     59.6
DAYS MAX >= 90      0               0.0     0.0        0
DAYS MIN <= 32      2               0.2     1.8        0

PRECIPITATION (INCHES)
RECORD
 MAXIMUM         4.11   2011
TOTALS           0.19              2.07   -1.88     1.41
DAYS >= .01         2                MM      MM        9
DAYS >= .10         1                MM      MM        4
DAYS >= .50         0                MM      MM        0
DAYS >= 1.00        0                MM      MM        0
GREATEST
 24 HR. TOTAL    0.11   03/11 TO 03/11

SNOWFALL (INCHES)
RECORDS
 TOTAL             MM   MM
TOTALS            0.0                MM

DEGREE_DAYS
HEATING TOTAL     130               354    -224      159
 SINCE 7/1       1594              2524    -930     2028
COOLING TOTAL      14                 0      14        0
 SINCE 1/1         14                 0      14        0
.................................................................

WIND (MPH)
AVERAGE WIND SPEED              5.7
HIGHEST WIND SPEED/DIRECTION    25/340    DATE  03/24
HIGHEST GUST SPEED/DIRECTION    34/310    DATE  03/31

AVERAGE RH (PERCENT)     63

WEATHER CONDITIONS. NUMBER OF DAYS WITH
THUNDERSTORM              0     RAIN                       6
HAIL                      0     FOG                       12
FOG W/VIS <= 1/4 MILE     1     HAZE                       7

-  INDICATES NEGATIVE NUMBERS.
R  INDICATES RECORD WAS SET OR TIED.
MM INDICATES DATA IS MISSING.
T  INDICATES TRACE AMOUNT.

$$

SANGER/OCHS

WEATHER.GOV/HANFORD
