000
CXUS42 KFFC 120325
CLMMCN


CLIMATE REPORT
NATIONAL WEATHER SERVICE PEACHTREE CITY GA
1124 PM EDT SAT APR 11 2015

...................................

...THE MACON CLIMATE SUMMARY FOR THE MONTH OF MARCH 2015...

CLIMATE NORMAL PERIOD 1981 TO 2010
CLIMATE RECORD PERIOD 1899 TO 2015

WEATHER         OBSERVED          NORMAL  DEPART  LAST YEAR`S
                 VALUE   DATE(S)  VALUE   FROM    VALUE  DATE(S)
                                          NORMAL
................................................................
TEMPERATURE (F)
RECORD
 HIGH              94   03/13/1906
 LOW               14   03/03/1980
HIGHEST            85   03/16        90      -5       80  03/11
LOWEST             27   03/29        14      13       26  03/26
                        03/07
AVG. MAXIMUM     70.7              69.5     1.2     66.5
AVG. MINIMUM     46.2              44.1     2.1     39.2
MEAN             58.4              56.8     1.6     52.8
DAYS MAX >= 90      0               0.0     0.0        0
DAYS MAX <= 32      0               0.0     0.0        0
DAYS MIN <= 32      3               3.1    -0.1        6
DAYS MIN <= 0       0               0.0     0.0        0

PRECIPITATION (INCHES)
RECORD
 MAXIMUM        12.52   1944
 MINIMUM         0.32   1910
TOTALS           2.28              4.55   -2.27
DAILY AVG.       0.07              0.15   -0.08     0.13
DAYS >= .01        16               8.9     7.1       10
DAYS >= .10         7               6.3     0.7        5
DAYS >= .50         0               3.2    -3.2        2
DAYS >= 1.00        0               1.4    -1.4        2
GREATEST
 24 HR. TOTAL    0.45   03/30 TO 03/30           03/16 TO 03/16
                                                          03/31 TO 03/31
                                                          03/31 TO 03/31

SNOWFALL (INCHES)
RECORDS
 TOTAL              T   2008
 24 HR TOTAL        T   MM
 SNOW DEPTH         0   MM
TOTALS            0.0               0.2    -0.2      0.0
SINCE 7/1         0.0               0.7    -0.7      2.1
SNOWDEPTH AVG.      0                MM      MM        0
DAYS >= TRACE       0               0.1    -0.1        0
DAYS >= 1.0         0               0.1    -0.1        0
GREATEST
 24 HR TOTAL      0.0   03/29 TO 03/29           03/31 TO 03/31
                                                          03/31 TO 03/31
                                                          03/31 TO 03/31

DEGREE_DAYS
HEATING TOTAL     208               272     -64      371
 SINCE 7/1       2421              2197     224     2504
COOLING TOTAL      12                18      -6        0
 SINCE 1/1         12                21      -9        1
..................................................

WIND (MPH)
AVERAGE WIND SPEED              5.3
HIGHEST WIND SPEED/DIRECTION    30/300    DATE  03/05
HIGHEST GUST SPEED/DIRECTION    45/320    DATE  03/05

SKY COVER
POSSIBLE SUNSHINE (PERCENT)   MM
AVERAGE SKY COVER           0.50
NUMBER OF DAYS FAIR            9
NUMBER OF DAYS PC              9
NUMBER OF DAYS CLOUDY         13

AVERAGE RH (PERCENT)     74

WEATHER CONDITIONS. NUMBER OF DAYS WITH
THUNDERSTORM              0     MIXED PRECIP               0
HEAVY RAIN                5     RAIN                       6
LIGHT RAIN               14     FREEZING RAIN              0
LT FREEZING RAIN          0     HAIL                       0
HEAVY SNOW                0     SNOW                       0
LIGHT SNOW                0     SLEET                      0
FOG                      25     FOG W/VIS <= 1/4 MILE      8
HAZE                      3

-  INDICATES NEGATIVE NUMBERS.
R  INDICATES RECORD WAS SET OR TIED.
MM INDICATES DATA IS MISSING.
T  INDICATES TRACE AMOUNT.

$$
