000
CXUS51 KCTP 010712
CLMMDT

CLIMATE REPORT
NATIONAL WEATHER SERVICE STATE COLLEGE PA
308 AM EDT FRI MAY 1 2015

CORRECTION

...................................

...THE HARRISBURG PA CLIMATE SUMMARY FOR THE MONTH OF APRIL 2015...

CLIMATE NORMAL PERIOD 1981 TO 2010
CLIMATE RECORD PERIOD 1888 TO 2015

WEATHER         OBSERVED          NORMAL  DEPART  LAST YEAR`S
                 VALUE   DATE(S)  VALUE   FROM    VALUE  DATE(S)
                                          NORMAL
................................................................
TEMPERATURE (F)
RECORD
 HIGH              93   04/22/1985
                        04/25/1915
 LOW               11   04/01/1923

HIGHEST            82   04/18                         81  04/13
LOWEST             28   04/02                         28  04/06
AVG. MAXIMUM     64.7              62.4     2.3     62.6
AVG. MINIMUM     41.9              41.9     0.0     40.6
MEAN             53.3              52.2     1.1     51.6
DAYS MAX >= 90      0               0.1    -0.1        0
DAYS MAX <= 32      0               0.0     0.0        0
DAYS MIN <= 32      3               2.4     0.6        3
DAYS MIN <= 0       0               0.0     0.0        0

PRECIPITATION (INCHES)
RECORD
 MAXIMUM         9.46   2011
 MINIMUM         0.45   1985

TOTALS           2.07              3.10   -1.03     5.91
DAILY AVG.       0.07              0.10   -0.03     0.20
DAYS >= .01        13              10.8     2.2       12
DAYS >= .10         3               6.5    -3.5       10
DAYS >= .50         1               2.3    -1.3        3
DAYS >= 1.00        1               0.9     0.1        2
GREATEST
 24 HR. TOTAL    1.30   04/20 TO 04/20


SNOWFALL (INCHES)
RECORDS
 TOTAL           18.0   1894

TOTALS              T               0.4    -0.4        T
SINCE 7/1        39.2              30.6     8.6     44.0
SNOWDEPTH AVG.      0                MM      MM        0
DAYS >= 1.0         0               0.1    -0.1        0
GREATEST
 SNOW DEPTH         0   MM
 24 HR TOTAL        T   04/24 TO 04/24


DEGREE_DAYS
HEATING TOTAL     345               392     -47      401
 SINCE 7/1       5542              5103     439     5619
COOLING TOTAL       0                 6      -6        6
 SINCE 1/1          0                 7      -7        6
......................................................

WIND (MPH)
AVERAGE WIND SPEED              8.6
HIGHEST WIND SPEED/DIRECTION    39/290    DATE  04/22
HIGHEST GUST SPEED/DIRECTION    50/290    DATE  04/22

SKY COVER
POSSIBLE SUNSHINE (PERCENT)   MM
AVERAGE SKY COVER           0.60
NUMBER OF DAYS FAIR            5
NUMBER OF DAYS PC             14
NUMBER OF DAYS CLOUDY         11

AVERAGE RH (PERCENT)     57

WEATHER CONDITIONS. NUMBER OF DAYS WITH
THUNDERSTORM              1     MIXED PRECIP               0
HEAVY RAIN                3     RAIN                       6
LIGHT RAIN               18     FREEZING RAIN              0
LT FREEZING RAIN          0     HAIL                       0
HEAVY SNOW                0     SNOW                       0
LIGHT SNOW                1     SLEET                      0
FOG                      11     FOG W/VIS <= 1/4 MILE      2
HAZE                      5

-  INDICATES NEGATIVE NUMBERS.
R  INDICATES RECORD WAS SET OR TIED.
MM INDICATES DATA IS MISSING.
T  INDICATES TRACE AMOUNT.

$$

LA CORTE
