000
CXUS44 KBRO 011521
CLMMFE


CLIMATE REPORT
NATIONAL WEATHER SERVICE BROWNSVILLE TX
1021 AM CDT WED APR 1 2015

...................................

...THE MCALLEN CLIMATE SUMMARY FOR THE MONTH OF MARCH 2015...

CLIMATE NORMAL PERIOD 1981 TO 2010
CLIMATE RECORD PERIOD 1941 TO 2015

WEATHER         OBSERVED          NORMAL  DEPART  LAST YEAR`S
                 VALUE   DATE(S)  VALUE   FROM    VALUE  DATE(S)
                                          NORMAL
................................................................
TEMPERATURE (F)
HIGHEST            90   03/26        95      -5       98  03/28
LOWEST             40   03/07        42      -2       36  03/03
AVG. MAXIMUM     77.0              81.8    -4.8
AVG. MINIMUM     59.0              59.8    -0.8
MEAN             68.0              70.8    -2.8     66.0
DAYS MAX >= 90      1               4.6    -3.6
DAYS MAX <= 32      0               0.0     0.0
DAYS MIN <= 32      0               0.0     0.0
DAYS MIN <= 0       0               0.0     0.0

PRECIPITATION (INCHES)
TOTALS           1.39              1.03    0.36     1.17
DAILY AVG.       0.05              0.03    0.02     0.04
DAYS >= .01         7               4.0     3.0        8
DAYS >= .10         4               1.4     2.6        3
DAYS >= .50         0               0.4    -0.4        1
DAYS >= 1.00        0               0.2    -0.2        0
GREATEST
 24 HR. TOTAL    0.49   03/21 TO 03/21           03/09 TO 03/09
                                                          03/31 TO 03/31
                                                          03/31 TO 03/31
 STORM TOTAL       MM                                 MM
 (MM/DD(HH))            MM                    03/09(00) TO 03/09(00)
                                                 03/31(00) TO 03/31(00)1
                                                 03/31(00) TO 03/31(00)1

SNOWFALL (INCHES)
RECORDS
 24 HR TOTAL       MM
TOTALS            0.0               0.0     0.0      0.0
 LIQUID EQUIV    0.00              0.00    0.00     0.00
SINCE 7/1         0.0               0.0     0.0      0.0
 LIQUID 7/1      0.00
DAYS >= TRACE       0               0.0     0.0        0
DAYS >= 1.0         0               0.0     0.0        0
GREATEST
 SNOW DEPTH         0   MM                             0  MM
 24 HR TOTAL      0.0   03/31 TO 03/31           03/31 TO 03/31
                                                          03/31 TO 03/31
                                                          03/31 TO 03/31
 STORM TOTAL       MM                                 MM
 (MM/DD(HH))            MM                    03/31(00) TO 03/31(00)
                                                 03/31(00) TO 03/31(00)1
                                                 03/31(00) TO 03/31(00)1

DEGREE_DAYS
HEATING TOTAL      66                38      28       98
 SINCE 7/1        756               571     185      874
COOLING TOTAL     166               218     -52      136
 SINCE 1/1        251               377    -126      264

FREEZE DATES
RECORD
 EARLIEST     MM
 LATEST       MM
EARLIEST                        MM
LATEST                          MM
..................................................

WIND (MPH)
AVERAGE WIND SPEED              8.3
HIGHEST WIND SPEED/DIRECTION    40/340    DATE  03/26
HIGHEST GUST SPEED/DIRECTION    49/340    DATE  03/26

SKY COVER
POSSIBLE SUNSHINE (PERCENT)   MM
AVERAGE SKY COVER           0.70
NUMBER OF DAYS FAIR            7
NUMBER OF DAYS PC              5
NUMBER OF DAYS CLOUDY         19

AVERAGE RH (PERCENT)     73

WEATHER CONDITIONS. NUMBER OF DAYS WITH
THUNDERSTORM              0     MIXED PRECIP               0
HEAVY RAIN                5     RAIN                       7
LIGHT RAIN               14     FREEZING RAIN              0
LT FREEZING RAIN          0     HAIL                       0
HEAVY SNOW                0     SNOW                       0
LIGHT SNOW                0     SLEET                      0
FOG                      23     FOG W/VIS <= 1/4 MILE      2
HAZE                     14

-  INDICATES NEGATIVE NUMBERS.
R  INDICATES RECORD WAS SET OR TIED.
MM INDICATES DATA IS MISSING.
T  INDICATES TRACE AMOUNT.

$$
