000
CXUS52 KMLB 011306
CLMMLB


CLIMATE REPORT
NATIONAL WEATHER SERVICE MELBOURNE FL
843 AM EDT FRI MAY 1 2015

...................................

...THE MELBOURNE CLIMATE SUMMARY FOR THE MONTH OF APRIL 2015...

CLIMATE NORMAL PERIOD 1981 TO 2010
CLIMATE RECORD PERIOD 1939 TO 2015

WEATHER         OBSERVED          NORMAL  DEPART  LAST YEAR`S
                 VALUE   DATE(S)  VALUE   FROM    VALUE  DATE(S)
                                          NORMAL
................................................................
TEMPERATURE (F)
MONTHLY RECORD
 WARMEST         77.1   2015
 COOLEST         65.7   1987
DAILY RECORD
 HIGH              97   04/15/1999
                        04/25/1967
 LOW               35   04/08/1971
APRIL 2015
HIGHEST            93   04/26                         91
                        04/19
LOWEST             60   04/02                         47
AVG. MAXIMUM     85.5              80.8     4.7     81.3
AVG. MINIMUM     68.7              60.0     8.7     63.5
MEAN             77.1              70.4     6.7     72.4
DAYS MAX >= 90      4               0.6     3.4        1
DAYS MAX <= 32      0               0.0     0.0        0
DAYS MIN <= 32      0               0.0     0.0        0
DAYS MIN <= 0       0               0.0     0.0        0

PRECIPITATION (INCHES)
MONTHLY RECORD
 MAXIMUM         8.15   1951
 MINIMUM         0.01   1987
DAILY RECORD
 MAXIMUM         4.29   04/04/1973
APRIL 2015
TOTALS           3.74              2.13    1.61     3.57
DAYS >= .01        10               5.8     4.2        9
DAYS >= .10         9               3.5     5.5        6
DAYS >= .50         3               1.8     1.2        4
DAYS >= 1.00        1               0.5     0.5        1
GREATEST
 24 HR. TOTAL    1.18   04/16 TO 04/17

SNOWFALL (INCHES)
TOTALS            0.0               0.0     0.0      0.0
SINCE 7/1         0.0               0.0     0.0      0.0
DAYS >= TRACE       0                                  0

DEGREE_DAYS
HEATING TOTAL       0                16     -16        3
 SINCE 7/1        424               576    -152      358
COOLING TOTAL     372               178     194      232
 SINCE 1/1        709               375     334      511
.................................................................

WIND (MPH)
AVERAGE WIND SPEED              8.4
HIGHEST WIND SPEED/DIRECTION    25/270    DATE  04/27
HIGHEST GUST SPEED/DIRECTION    33/280    DATE  04/26

SKY COVER
POSSIBLE SUNSHINE (PERCENT)   MM
AVERAGE SKY COVER           0.30
NUMBER OF DAYS FAIR           21
NUMBER OF DAYS PC              9
NUMBER OF DAYS CLOUDY          0

AVERAGE RH (PERCENT)     74

WEATHER CONDITIONS. NUMBER OF DAYS WITH
THUNDERSTORM              8     MIXED PRECIP               0
HEAVY RAIN                4     RAIN                       8
LIGHT RAIN               13     LT FREEZING RAIN           0
HAIL                      0     LIGHT SNOW                 0
SLEET                     0     FOG                       16
FOG W/VIS <= 1/4 MILE     1     HAZE                       2

-  INDICATES NEGATIVE NUMBERS.
R  INDICATES RECORD WAS SET OR TIED.
MM INDICATES DATA IS MISSING.
T  INDICATES TRACE AMOUNT.

$$

ULRICH
