000
CXUS51 KCAR 011939
CLMMLT


CLIMATE REPORT
NATIONAL WEATHER SERVICE CARIBOU, ME
338 PM EDT WED APR 1 2015

...................................

...THE MILLINOCKET ME CLIMATE SUMMARY FOR THE MONTH OF MARCH 2015...

CLIMATE NORMAL PERIOD 1981 TO 2010
CLIMATE RECORD PERIOD 1903 TO 2015

WEATHER         OBSERVED          NORMAL  DEPART  LAST YEAR`S
                 VALUE   DATE(S)  VALUE   FROM    VALUE  DATE(S)
                                          NORMAL
................................................................
TEMPERATURE (F)
RECORD
 HIGH              80   03/22/2012
 LOW              -32   03/02/1920
HIGHEST            51   03/26        MM      MM       48  03/29
LOWEST             -7   03/06        MM      MM      -12  03/01
AVG. MAXIMUM     34.5              37.9    -3.4     31.2
AVG. MINIMUM     13.8              18.1    -4.3      9.5
MEAN             24.2              28.0    -3.8     20.4
DAYS MAX >= 90      0               0.0     0.0        0
DAYS MAX <= 32     15               7.7     7.3       15
DAYS MIN <= 32     30              28.9     1.1       30
DAYS MIN <= 0       1               2.0    -1.0        8

PRECIPITATION (INCHES)
RECORD
 MAXIMUM         4.62   2010
 MINIMUM         0.46   2006
TOTALS           1.81                     -1.25
DAILY AVG.       0.06              0.10   -0.04     0.08
DAYS >= .01        14                MM      MM       10
DAYS >= .10         5                MM      MM        5
DAYS >= .50         1                MM      MM        2
DAYS >= 1.00        0                MM      MM        0

SNOWFALL (INCHES)
RECORDS
 TOTAL             MM   MM
TOTALS             MM                MM      MM       MM
SINCE 7/1          MM                MM      MM       MM
SNOWDEPTH AVG.     MM                MM      MM       MM
DAYS >= 1.0         0                MM      MM        0
GREATEST
 SNOW DEPTH        MM                                 MM  MM
 24 HR TOTAL       MM                                 MM

DEGREE_DAYS
HEATING TOTAL    1257              1147     110     1378
 SINCE 7/1       7302              7199     103     7416
COOLING TOTAL       0                 0       0        0
 SINCE 1/1          0                 0       0        0
.................................................................

WIND (MPH)
AVERAGE WIND SPEED              8.2
HIGHEST WIND SPEED/DIRECTION    33/310    DATE  03/22
HIGHEST GUST SPEED/DIRECTION    52/310    DATE  03/22

SKY COVER
POSSIBLE SUNSHINE (PERCENT)   MM
AVERAGE SKY COVER           0.40
NUMBER OF DAYS FAIR           13
NUMBER OF DAYS PC             12
NUMBER OF DAYS CLOUDY          6

AVERAGE RH (PERCENT)     59

WEATHER CONDITIONS. NUMBER OF DAYS WITH
THUNDERSTORM              0     MIXED PRECIP               0
HEAVY RAIN                0     RAIN                       1
LIGHT RAIN                2     FREEZING RAIN              0
LT FREEZING RAIN          0     HAIL                       0
HEAVY SNOW                1     SNOW                       6
LIGHT SNOW               17     SLEET                      0
FOG                      17     FOG W/VIS <= 1/4 MILE      3
HAZE                     12

-  INDICATES NEGATIVE NUMBERS.
R  INDICATES RECORD WAS SET OR TIED.
MM INDICATES DATA IS MISSING.
T  INDICATES TRACE AMOUNT.

$$
