000
CXUS54 KMOB 010717
CLMMOB


CLIMATE REPORT
NATIONAL WEATHER SERVICE MOBILE AL
210 AM CDT FRI MAY 1 2015

...................................

...THE MOBILE CLIMATE SUMMARY FOR THE MONTH OF APRIL 2015...

CLIMATE NORMAL PERIOD 1981 TO 2010
CLIMATE RECORD PERIOD 1842 TO 2015

WEATHER         OBSERVED          NORMAL  DEPART  LAST YEAR`S
                 VALUE   DATE(S)  VALUE   FROM    VALUE  DATE(S)
                                          NORMAL
................................................................
TEMPERATURE (F)
RECORD
 HIGH              94   04/21/1987
 LOW               32   04/05/1987
                        04/05/1891
                        04/02/1881
HIGHEST            87   04/26                         86  04/25
LOWEST             49   04/05                         37  04/16
AVG. MAXIMUM     79.8              77.5     2.3     76.1
AVG. MINIMUM     61.5              55.4     6.1     55.6
MEAN             70.7              66.4     4.3     65.9
DAYS MAX >= 90      0               0.1    -0.1        0
DAYS MAX <= 32      0               0.0     0.0        0
DAYS MIN <= 32      0               0.0     0.0        0
DAYS MIN <= 0       0               0.0     0.0        0

PRECIPITATION (INCHES)

TOTALS          13.90              4.79    9.11    18.09
DAILY AVG.       0.46              0.16    0.30     0.60
DAYS >= .01        15               7.0     8.0       12
DAYS >= .10        11               5.0     6.0       11
DAYS >= .50         5               2.7     2.3        5
DAYS >= 1.00        3               1.4     1.6        2
GREATEST
 24 HR. TOTAL    7.71   04/12 TO 04/13

DEGREE_DAYS
HEATING TOTAL       4                60     -56       68
 SINCE 7/1       1820              1691     129     2047
COOLING TOTAL     179               104      75      102
 SINCE 1/1        279               159     120      115
.................................................................

WIND (MPH)
AVERAGE WIND SPEED              7.1
HIGHEST WIND SPEED/DIRECTION    35/140    DATE  04/27
HIGHEST GUST SPEED/DIRECTION    48/300    DATE  04/25

SKY COVER
POSSIBLE SUNSHINE (PERCENT)   MM
AVERAGE SKY COVER           0.60
NUMBER OF DAYS FAIR            2
NUMBER OF DAYS PC             18
NUMBER OF DAYS CLOUDY         10

AVERAGE RH (PERCENT)     78

WEATHER CONDITIONS. NUMBER OF DAYS WITH
THUNDERSTORM              8     MIXED PRECIP               0
HEAVY RAIN                9     RAIN                      10
LIGHT RAIN               15     FREEZING RAIN              0
LT FREEZING RAIN          0     HAIL                       0
HEAVY SNOW                0     SNOW                       0
LIGHT SNOW                0     SLEET                      0
FOG                      25     FOG W/VIS <= 1/4 MILE      7
HAZE                      6

-  INDICATES NEGATIVE NUMBERS.
R  INDICATES RECORD WAS SET OR TIED.
MM INDICATES DATA IS MISSING.
T  INDICATES TRACE AMOUNT.

$$
