000
CXUS55 KMSO 011616
CLMMSO


CLIMATE REPORT
NATIONAL WEATHER SERVICE MISSOULA, MT
1015 AM MDT WED APR 1 2015

...................................

...THE MISSOULA MT CLIMATE SUMMARY FOR THE MONTH OF MARCH 2015...

CLIMATE NORMAL PERIOD 1981 TO 2010
CLIMATE RECORD PERIOD 1893 TO 2015

WEATHER         OBSERVED          NORMAL  DEPART  LAST YEAR`S
                 VALUE   DATE(S)  VALUE   FROM    VALUE
                                          NORMAL
.............................................................
TEMPERATURE (F)
RECORD
 HIGH              78   03/30/2004
 LOW              -13   03/05/1955
HIGHEST            74   03/27        MM      MM       63
LOWEST              9   03/04        MM      MM        0
AVG. MAXIMUM     54.6              49.8     4.8     46.4
AVG. MINIMUM     28.4              27.7     0.7     27.1
MEAN             41.5              38.8     2.7     36.7
DAYS MAX >= 90      0               0.0     0.0        0
DAYS MAX <= 32      1               0.9     0.1        2
DAYS MIN <= 32     20              23.0    -3.0       22
DAYS MIN <= 0       0               0.1    -0.1        1

PRECIPITATION (INCHES)
RECORD
 MAXIMUM         2.31   1901
 MINIMUM         0.11   1911
TOTALS           0.49              1.00   -0.51     1.76
DAILY AVG.       0.02              0.03   -0.01     0.06
DAYS >= .01         9              11.4    -2.4       17
DAYS >= .10         2               3.4    -1.4        5
DAYS >= .50         0               0.1    -0.1        0
DAYS >= 1.00        0               0.0     0.0        0
GREATEST
 24 HR. TOTAL    0.20   03/15 TO 03/15              0.37

SNOWFALL (INCHES)
TOTALS              T               5.1    -5.1      5.1
SINCE 7/1        33.3              36.5    -3.2     65.7
DAYS >= TRACE       3               5.1    -2.1       11
DAYS >= 1.0         0               1.8    -1.8        3
GREATEST
 SNOW DEPTH         0   MM                            14
 24 HR TOTAL        T   03/24 TO 03/24               1.8

DEGREE_DAYS
HEATING TOTAL     720               814     -94
 SINCE 7/1       5712              6183    -471
COOLING TOTAL       0                 0       0
 SINCE 1/1          0                 0       0
..............................................................

WIND (MPH)
AVERAGE WIND SPEED              4.6
HIGHEST WIND SPEED/DIRECTION    29/280    DATE  03/28
HIGHEST GUST SPEED/DIRECTION    36/290    DATE  03/28

SKY COVER
POSSIBLE SUNSHINE (PERCENT)   MM
AVERAGE SKY COVER           0.40
NUMBER OF DAYS FAIR           14
NUMBER OF DAYS PC             12
NUMBER OF DAYS CLOUDY          5

AVERAGE RH (PERCENT)     62

WEATHER CONDITIONS. NUMBER OF DAYS WITH
THUNDERSTORM              0     MIXED PRECIP               0
HEAVY RAIN                0     RAIN                       0
LIGHT RAIN               14     FREEZING RAIN              0
LT FREEZING RAIN          0     HAIL                       1
HEAVY SNOW                0     SNOW                       1
LIGHT SNOW                2     SLEET                      1
FOG                       7     FOG W/VIS <= 1/4 MILE      0
HAZE                      3

-  INDICATES NEGATIVE NUMBERS.
R  INDICATES RECORD WAS SET OR TIED.
MM INDICATES DATA IS MISSING.
T  INDICATES TRACE AMOUNT.

$$
