000
CXUS55 KPSR 011334 CCA
CLMNYL

CLIMATE REPORT...CORRECTED
NATIONAL WEATHER SERVICE PHOENIX AZ
634 AM MST WED APR 1 2015

...................................

...THE YUMA AZ CLIMATE SUMMARY FOR THE MONTH OF MARCH 2015...

CLIMATE NORMAL PERIOD 1981 TO 2010
CLIMATE RECORD PERIOD 1876 TO 2015

WEATHER         OBSERVED          NORMAL  DEPART
                 VALUE   DATE(S)  VALUE   FROM
                                          NORMAL
................................................
TEMPERATURE (F)
RECORD
 HIGH             102   03/21/2004
 LOW               31   03/15/1881
HIGHEST            98   03/29        93       5
                        03/28
LOWEST             50   03/05        44       6
                        03/03
AVG. MAXIMUM     86.7              79.9     6.8
AVG. MINIMUM     60.4              54.4     6.0
MEAN             73.5              67.2     6.3
DAYS MAX >= 90     14               3.6    10.4
DAYS MAX <= 32      0               0.0     0.0
DAYS MIN <= 32      0               0.0     0.0
DAYS MIN <= 0       0               0.0     0.0

PRECIPITATION (INCHES)
RECORD
 MAXIMUM         3.33   1905
 MINIMUM         0.00   2011
                        2009
                        2008
TOTALS           0.32              0.33   -0.01
DAYS >= .01         3               1.9     1.1
DAYS >= .10         2               1.1     0.9
DAYS >= .50         0               0.2    -0.2
DAYS >= 1.00        0               0.0     0.0
GREATEST
 24 HR. TOTAL    0.18   03/02 TO 03/02

DEGREE_DAYS
HEATING TOTAL      23                50     -27
 SINCE 7/1         83               673    -590
COOLING TOTAL     295               117     178
 SINCE 1/1        406               153     253
.................................................

WIND (MPH)
AVERAGE WIND SPEED              6.5
HIGHEST GUST SPEED/DIRECTION    32/040    DATE  03/06

AVERAGE RH (PERCENT)     34

WEATHER CONDITIONS. NUMBER OF DAYS WITH
THUNDERSTORM              2     HEAVY RAIN                 0
RAIN                      1     LIGHT RAIN                 4
FOG W/VIS <= 1/4 MILE     0

-  INDICATES NEGATIVE NUMBERS.
R  INDICATES RECORD WAS SET OR TIED.
MM INDICATES DATA IS MISSING.
T  INDICATES TRACE AMOUNT.

$$
