000
CXUS53 KOAX 061540
CLMOMA

CLIMATE REPORT
NATIONAL WEATHER SERVICE OMAHA NEBRASKA...UPDATED TO ADD SUMMARY MESSAGE...
1033 AM CDT MON APR 6 2015

...................................

...THE OMAHA EPPLEY, NEBRASKA CLIMATE SUMMARY FOR THE MONTH OF MARCH 2015...

CLIMATE NORMAL PERIOD 1981 TO 2010
CLIMATE RECORD PERIOD 1871 TO 2015

WEATHER         OBSERVED          NORMAL  DEPART
                 VALUE   DATE(S)  VALUE   FROM
                                          NORMAL
................................................
TEMPERATURE (F)
HIGHEST            88   03/16
LOWEST              3   03/05
AVG. MAXIMUM     58.4              50.9     7.5
AVG. MINIMUM     29.0              28.1     0.9
MEAN             43.7              39.5     4.2
DAYS MAX >= 90      0
DAYS MAX <= 32      2
DAYS MIN <= 32     19
DAYS MIN <= 0       0

PRECIPITATION (INCHES)
RECORD
 MAXIMUM         5.96   1973
 MINIMUM            T   1910
TOTALS           0.54              1.99   -1.45
DAILY AVG.       0.02
DAYS >= .01         3
DAYS >= .10         1
DAYS >= .50         1
DAYS >= 1.00        0
GREATEST
 24 HR. TOTAL    0.52   03/24 TO 03/24

SNOWFALL (INCHES)
RECORDS
 TOTAL           29.2   1912
TOTALS            0.2               4.2
SINCE 7/1        13.8
DAYS >= 1.0         0
GREATEST
 SNOW DEPTH         0
 24 HR TOTAL      0.2   03/04 TO 03/04

DEGREE_DAYS
HEATING TOTAL     652               791    -139
 SINCE 7/1       5363              5589    -226
COOLING TOTAL       0                 1      -1
 SINCE 1/1          0                 1      -1
.................................................

WIND (MPH)
AVERAGE WIND SPEED              10.1
HIGHEST WIND SPEED/DIRECTION    40/090    DATE  03/24
HIGHEST GUST SPEED/DIRECTION    48/090    DATE  03/24

SKY COVER
AVERAGE SKY COVER           0.40


WEATHER CONDITIONS. NUMBER OF DAYS WITH
THUNDERSTORM              0     MIXED PRECIP               0
HEAVY RAIN                1     RAIN                       1
LIGHT RAIN                5     FREEZING RAIN              0
LT FREEZING RAIN          1     HAIL                       0
HEAVY SNOW                0     SNOW                       0
LIGHT SNOW                2     SLEET                      0
FOG                       5     FOG W/VIS <= 1/4 MILE      1
HAZE                      3

-  INDICATES NEGATIVE NUMBERS.
R  INDICATES RECORD WAS SET OR TIED.
MM INDICATES DATA IS MISSING.
T  INDICATES TRACE AMOUNT.
>  INDICATES GREATER THAN OR EQUAL TO.
<  INDICATES LESS THAN OR EQUAL TO.

&&

...MARCH WAS WARMER AND DRIER THAN NORMAL IN OMAHA...

MARCH WAS DOMINATED BY WARM AND DRY WEATHER...WITH JUST A COUPLE OF
COOL STRETCHES...AND WITH THE BULK OF PRECIPITATION FALLING IN JUST
ONE DAY.  THE AVERAGE TEMPERATURE OF 43.7 DEGREES WAS 4.2 DEGREES
ABOVE NORMAL AND THE 19TH WARMEST MARCH ON RECORD...AND THE TOTAL
PRECIPITATION OF 0.54 INCHES WAS 1.45 INCHES BELOW NORMAL AND THE
23RD DRIEST MARCH ON RECORD.  MORE TELLINGLY...THE AVERAGE MAXIMUM
TEMPERATURE FOR OMAHA WAS 58.7 DEGREES...WHICH IS THE 7TH WARMEST ON
RECORD FOR MARCH.  ADDITIONALLY...WITH ONLY 0.2 INCHES OF SNOW IN
MARCH...THE TOTAL SEASONAL SNOWFALL OF 13.8 INCHES REMAINS WELL
BELOW NORMAL AND IS THE 7TH LOWEST TOTAL ON RECORD.

MARCH DID BEGIN ON THE COOL SIDE...WITH THE COLDEST TEMPERATURE OF
THE MONTH OCCURRING ON THE 5TH AT 3 DEGREES.  LIGHT FREEZING RAIN
FELL ON THE 3RD...AND A LIGHT DUSTING OF SNOW WAS REPORTED ON THE
4TH.  TEMPERATURES SWUNG QUICKLY TO WARM READINGS ON THE 6TH...WITH
ABOVE-NORMAL TEMPERATURES CONTINUING THROUGH THE 23RD.  NO
PRECIPITATION FELL DURING THAT PERIOD...AND MAXIMUM TEMPERATURE
NEVER FELL BELOW 50 DEGREES.  THE WARMEST READING OF THE MONTH...88
DEGREES ON THE 16TH...WAS A DAILY RECORD...BEATING THE PREVIOUS
RECORD BY 7 DEGREES.  THAT 88 DEGREE TEMPERATURE ALSO WAS THE
EARLIEST READING OF 88 DEGREES OR WARMER ON RECORD...BEATING THE
PREVIOUS RECORD OF 3/22/1910 BY 6 DAYS.

A COLD FRONT ON THE 24TH BROUGHT ALMOST ALL OF THE TOTAL MONTHLY
PRECIPITATION...WITH 0.52 INCHES OF RAIN...AND A SHIFT TO BELOW-
NORMAL TEMPERATURES THROUGH THE 28TH.  MILD WEATHER RETURNED FOR THE
29TH THROUGH 31ST...AND MARCH WENT OUT LIKE A LAMB.


DAILY RECORDS SET IN MARCH 2015:
DATE         RECORD           READING  PREVIOUS RECORD
MARCH 16     WARM MAX TEMP     88      81 (2012)

$$
JEK/TL/MAYES
