000
CXUS56 KOTX 011126
CLMOMK


CLIMATE REPORT
NATIONAL WEATHER SERVICE SPOKANE, WA
409 AM PDT WED APR 1 2015

...................................

...THE OMAK WA AIRPORT CLIMATE SUMMARY FOR THE MONTH OF MARCH 2015...

CLIMATE NORMAL PERIOD 1981 TO 2010
CLIMATE RECORD PERIOD 9999 TO 9999

WEATHER         OBSERVED          NORMAL  DEPART  LAST YEAR`S
                 VALUE   DATE(S)  VALUE   FROM    VALUE  DATE(S)
                                          NORMAL
................................................................
TEMPERATURE (F)
RECORD
 HIGH              76   03/31/1994
 LOW               -9   03/30/1996
HIGHEST            70   03/27        MM      MM       62  03/09
                        03/14
LOWEST             19   03/04        MM      MM       19  03/02
                        03/03                             03/01
AVG. MAXIMUM     59.8              52.5     7.3     52.3
AVG. MINIMUM     34.3              30.5     3.8     28.9
MEAN             47.0              41.5     5.5     40.6
DAYS MAX >= 90      0               0.0     0.0        0
DAYS MAX <= 32      0               0.7    -0.7        2
DAYS MIN <= 32      9              18.5    -9.5       22
DAYS MIN <= 0       0               0.0     0.0        0

PRECIPITATION (INCHES)
RECORD
 MAXIMUM         2.93   1950
 MINIMUM            T   1936
TOTALS           0.92              1.17   -0.25     1.16
DAILY AVG.       0.03              0.04   -0.01     0.04
DAYS >= .01         5                MM      MM        6
DAYS >= .10         1                MM      MM        3
DAYS >= .50         1                MM      MM        0
DAYS >= 1.00        0                MM      MM        0
GREATEST
 24 HR. TOTAL    0.76   03/15 TO 03/15           03/05 TO 03/05
                                                          03/05 TO 03/05
                                                          03/05 TO 03/05

SNOWFALL (INCHES)
RECORDS
 TOTAL            8.5   1997
TOTALS             MM                MM      MM       MM
SINCE 7/1          MM                MM      MM       MM
SNOWDEPTH AVG.     MM                MM      MM       MM
DAYS >= 1.0         0                MM      MM        0
GREATEST
 SNOW DEPTH        MM                                 MM  MM
 24 HR TOTAL       MM                                 MM

DEGREE_DAYS
HEATING TOTAL     548               729    -181      750
 SINCE 7/1       4734              5590    -856     5740
COOLING TOTAL       0                 0       0        0
 SINCE 1/1          0                 0       0        0
......................................................

WIND (MPH)
AVERAGE WIND SPEED              7.0
HIGHEST WIND SPEED/DIRECTION    26/150    DATE  03/14
HIGHEST GUST SPEED/DIRECTION    36/010    DATE  03/02

SKY COVER
POSSIBLE SUNSHINE (PERCENT)   MM
AVERAGE SKY COVER           0.30
NUMBER OF DAYS FAIR           19
NUMBER OF DAYS PC              9
NUMBER OF DAYS CLOUDY          3

AVERAGE RH (PERCENT)     59

WEATHER CONDITIONS. NUMBER OF DAYS WITH
THUNDERSTORM              0     MIXED PRECIP               0
HEAVY RAIN                0     RAIN                       1
LIGHT RAIN                7     FREEZING RAIN              0
LT FREEZING RAIN          0     HAIL                       0
HEAVY SNOW                0     SNOW                       0
LIGHT SNOW                0     SLEET                      0
FOG                       4     FOG W/VIS <= 1/4 MILE      0
HAZE                      0

-  INDICATES NEGATIVE NUMBERS.
R  INDICATES RECORD WAS SET OR TIED.
MM INDICATES DATA IS MISSING.
T  INDICATES TRACE AMOUNT.

$$
