000
CXUS52 KMFL 011334
CLMPBI

CLIMATE REPORT
NATIONAL WEATHER SERVICE MIAMI, FL
932 AM EDT WED APR 1 2015

...................................

...THE WEST PALM BEACH CLIMATE SUMMARY FOR THE MONTH OF MARCH 2015...

CLIMATE NORMAL PERIOD 1981 TO 2010
CLIMATE RECORD PERIOD 1888 TO 2015

WEATHER         OBSERVED          NORMAL  DEPART  LAST YEAR`S
                 VALUE   DATE(S)  VALUE   FROM    VALUE
                                          NORMAL
.............................................................
TEMPERATURE (F)
RECORD
 HIGH              95   03/31/2011
                        03/26/1928
 LOW               26   03/02/1920
HIGHEST            91   03/27                         89
LOWEST             51   03/29                         51
AVG. MAXIMUM     83.4              78.7     4.7     79.8
AVG. MINIMUM     68.5              62.2     6.3     62.4
MEAN             76.0              70.5     5.5     71.1
DAYS MAX >= 90      3                                  0
DAYS MAX <= 32      0                                  0
DAYS MIN <= 32      0                                  0
DAYS MIN <= 0       0                                  0

PRECIPITATION (INCHES)
RECORD
 MAXIMUM        16.78   1982
 MINIMUM         0.00   1922
TOTALS           1.04              4.59   -3.55     2.40
DAILY AVG.       0.03              0.15   -0.12     0.08
DAYS >= .01         6                                  8
DAYS >= .10         2                                  6
DAYS >= .50         1                                  2
DAYS >= 1.00        0                                  0
GREATEST
 24 HR. TOTAL    0.73   03/27 TO 03/27              0.69

DEGREE_DAYS
HEATING TOTAL       2                24     -22        7
 SINCE 7/1        126               229    -103      122
COOLING TOTAL     353               193     160      202
 SINCE 1/1        631               428     203      548
..............................................................

WIND (MPH)
AVERAGE WIND SPEED              9.9
HIGHEST WIND SPEED/DIRECTION    29/190    DATE  03/27
HIGHEST GUST SPEED/DIRECTION    40/190    DATE  03/27

SKY COVER
POSSIBLE SUNSHINE (PERCENT)   MM
AVERAGE SKY COVER           0.50
NUMBER OF DAYS FAIR            7
NUMBER OF DAYS PC             21
NUMBER OF DAYS CLOUDY          3

AVERAGE RH (PERCENT)     71

WEATHER CONDITIONS. NUMBER OF DAYS WITH
THUNDERSTORM              2     MIXED PRECIP               0
HEAVY RAIN                2     RAIN                       2
LIGHT RAIN                9     FREEZING RAIN              0
LT FREEZING RAIN          0     HAIL                       0
HEAVY SNOW                0     SNOW                       0
LIGHT SNOW                0     SLEET                      0
FOG                       8     FOG W/VIS <= 1/4 MILE      1
HAZE                      3

-  INDICATES NEGATIVE NUMBERS.
R  INDICATES RECORD WAS SET OR TIED.
MM INDICATES DATA IS MISSING.
T  INDICATES TRACE AMOUNT.

$$
