000
CXUS56 KPDT 011339
CLMPDT

CLIMATE REPORT
NATIONAL WEATHER SERVICE PENDLETON OREGON
637 AM PDT WED APR 01 2015

....................................

...THE PENDLETON OR CLIMATE SUMMARY FOR THE MONTH OF MARCH 2015...

CLIMATE NORMAL PERIOD 1981 TO 2010
CLIMATE RECORD PERIOD 1934 TO 2015

WEATHER         OBSERVED          NORMAL  DEPART  LAST YEAR`S
                 VALUE   DATE(S)  VALUE   FROM    VALUE  DATE(S)
                                          NORMAL

................................................................

TEMPERATURE (F)
RECORD
 HIGH              80   3/29/2004
 LOW                1   3/ 1/1993
HIGHEST            76   3/10       68         8            69   3/15
LOWEST             22   3/ 4       25        -3            22   3/ 2
AVG. MAXIMUM     61.6            55.2       6.4          57.1
AVG. MINUMUM     37.4            34.9       2.5          33.6
MEAN             49.5            45.0       4.5          45.4
DAYS MAX >= 90      0               0         0             0
DAYS MAX <= 32      0               0         0             1
DAYS MIN <= 32      5              10        -5            11
DAYS MIN <= 0       0               0         0            11


PRECIPITATION (INCHES)
RECORD
 MAXIMUM          2.82   1983
 MINIMUM          0.24   1941
TOTALS            1.19            1.32     -0.13          2.26
DAILY AVG.        0.04            0.04      0.00          0.07
DAYS >=  0.01       11              12        -1            14
DAYS >=  0.10        7               4         3             8
DAYS >=  0.50        0               0         0             1
DAYS >=  1.00        0               0         0             0
GREATEST
 24 HR. TOTAL     0.21   3/22



SNOWFALL (INCHES)
RECORD
 MAXIMUM           4.9   1971
 MINIMUM           0.0   1992
TOTALS             0.0             0.7      -0.7           1.0
SINCE 7/1          7.2            15.2      -8.0          21.7
DAYS >=  TRACE                       1         0             2
DAYS >=  1.0         0               0         0             0
GREATEST
 24 HR. TOTAL      0.0   3/31


DEGREE DAYS
HEATING TOTAL      470             617      -147           601
 SINCE 7/1        3963            4510      -547          4866
COOLING TOTAL        0               0         0             0
 SINCE 1/1           0               0         0             0

.............................................................

WIND (MPH)
AVERAGE WIND SPEED                     8.4
RESULTANT WIND SPEED/DIRECTION         5/210
HIGHEST WIND SPEED/DIRECTION          43/270      DATE          03/24
HIGHEST GUST SPEED/DIRECTION          53/260      DATE          03/24


WEATHER CONDITIONS. NUMBER OF DAYS WITH
THUNDERSTORM               1    MIXED PRECIP                           0
HEAVY RAIN                 0    RAIN                                   2
LIGHT RAIN                13    FREEZING RAIN                          0
LT FREEZING RAIN           0    HAIL                                   0
HEAVY SNOW                 0    SNOW                                   0
LIGHT SNOW                 0    SLEET                                  0
FOG                        9    FOG W/VIS <=1/4 MILE                   0
HAZE                       4

-  INDICATES NEGATIVE NUMBERS.
R  INDICATES RECORD WAS SET OR TIED.
MM INDICATES DATA IS MISSING.
T  INDICATES TRACE AMOUNT.

$$
