000
CXUS51 KPHI 011133
CLMPHL


CLIMATE REPORT
NATIONAL WEATHER SERVICE MOUNT HOLLY NJ
732 AM EDT WED APR 1 2015

...................................

...THE PHILADELPHIA CLIMATE SUMMARY FOR THE MONTH OF MARCH 2015...

CLIMATE NORMAL PERIOD 1981 TO 2010
CLIMATE RECORD PERIOD 1872 TO 2015

WEATHER         OBSERVED          NORMAL  DEPART  LAST YEAR`S
                 VALUE   DATE(S)  VALUE   FROM    VALUE  DATE(S)
                                          NORMAL
................................................................
TEMPERATURE (F)
RECORD
 HIGH              87   03/29/1945
 LOW                5   03/05/1872
HIGHEST            68                73      -5       69
LOWEST             11                19      -8       12
AVG. MAXIMUM     47.8              52.7    -4.9     48.1
AVG. MINIMUM     30.5              34.4    -3.9     29.6
MEAN             39.1              43.5    -4.4     38.9
DAYS MAX >= 90      0               0.0     0.0        0
DAYS MAX <= 32      2               0.6     1.4        2
DAYS MIN <= 32     19              11.6     7.4       18
DAYS MIN <= 0       0               0.0     0.0        0

PRECIPITATION (INCHES)
RECORD
 MAXIMUM         9.10   1912
 MINIMUM         0.38   1910
TOTALS           5.52              3.79    1.73     4.23
DAILY AVG.       0.18              0.12    0.06     0.14
DAYS >= .01        13              10.5     2.5       11
DAYS >= .10         9               6.7     2.3        6
DAYS >= .50         6               2.6     3.4        3
DAYS >= 1.00        0               1.0    -1.0        1
GREATEST
 24 HR. TOTAL    0.95   03/14 TO 03/14              1.72

SNOWFALL (INCHES)
RECORDS
 TOTAL             MM   5
 24 HR TOTAL       MM
TOTALS           12.0               2.9     9.1      8.5
SINCE 7/1        27.0              21.9     5.1     68.0
SNOWDEPTH AVG.      1                MM      MM        1
DAYS >= 1.0         2               0.7     1.3        2
GREATEST
 SNOW DEPTH         8   03/06                          5  03/17
 24 HR TOTAL      7.5   03/05 TO 03/05               4.7

DEGREE_DAYS
HEATING TOTAL     793               665     128      801
 SINCE 7/1       4446              4147     299     4457
COOLING TOTAL       0                 1      -1        0
 SINCE 1/1          0                 1      -1        0
.................................................................

WIND (MPH)
AVERAGE WIND SPEED              9.4
HIGHEST WIND SPEED/DIRECTION    33/320    DATE  03/17
HIGHEST GUST SPEED/DIRECTION    42/300    DATE  03/18

SKY COVER
POSSIBLE SUNSHINE (PERCENT)   MM
AVERAGE SKY COVER           0.70
NUMBER OF DAYS FAIR            5
NUMBER OF DAYS PC             12
NUMBER OF DAYS CLOUDY         14

AVERAGE RH (PERCENT)     58

WEATHER CONDITIONS. NUMBER OF DAYS WITH
THUNDERSTORM              0     MIXED PRECIP               0
HEAVY RAIN                1     RAIN                       4
LIGHT RAIN               15     FREEZING RAIN              0
LT FREEZING RAIN          2     HEAVY SNOW                 2
SNOW                      3     LIGHT SNOW                 5
SLEET                     4     FOG                       12
FOG W/VIS <= 1/4 MILE     2     HAZE                       2

-  INDICATES NEGATIVE NUMBERS.
R  INDICATES RECORD WAS SET OR TIED.
MM INDICATES DATA IS MISSING.
T  INDICATES TRACE AMOUNT.

$$
