000
CXUS53 KUNR 011903
CLMPHP


CLIMATE REPORT
NATIONAL WEATHER SERVICE RAPID CITY SD
103 PM MDT FRI MAY 1 2015

...................................

...THE PHILIP SD CLIMATE SUMMARY FOR THE MONTH OF APRIL 2015...

CLIMATE NORMAL PERIOD 1981 TO 2010
CLIMATE RECORD PERIOD 9999 TO 9999

WEATHER         OBSERVED          NORMAL  DEPART  LAST YEAR`S
                 VALUE   DATE(S)  VALUE   FROM    VALUE  DATE(S)
                                          NORMAL
................................................................
TEMPERATURE (F)
HIGHEST            82   04/14                         83  04/18
                        04/11
LOWEST             12   04/03                          5  04/01
AVG. MAXIMUM     63.6              60.2     3.4     59.7
AVG. MINIMUM     32.5              32.4     0.1     31.7
MEAN             48.1              46.3     1.8     45.7
DAYS MAX >= 90      0                                  0
DAYS MAX <= 32      0                                  2
DAYS MIN <= 32     16                                 14
DAYS MIN <= 0       0                                  0

PRECIPITATION (INCHES)
TOTALS           0.34              1.84   -1.50     1.42
DAILY AVG.       0.01              0.06   -0.05     0.05
DAYS >= .01         5                                  7
DAYS >= .10         1                                  5
DAYS >= .50         0                                  0
DAYS >= 1.00        0                                  0
GREATEST
 24 HR. TOTAL    0.22   04/17 TO 04/18              0.67

DEGREE_DAYS
HEATING TOTAL     501               564     -63      569
 SINCE 7/1       6371              6867    -496     7162
COOLING TOTAL       0                 3      -3        0
 SINCE 1/1          3                 3       0        0
.................................................................

WIND (MPH)
AVERAGE WIND SPEED              11.5
HIGHEST WIND SPEED/DIRECTION    38/330    DATE  04/19
HIGHEST GUST SPEED/DIRECTION    49/330    DATE  04/19

AVERAGE RH (PERCENT)     56

WEATHER CONDITIONS. NUMBER OF DAYS WITH
THUNDERSTORM              0     MIXED PRECIP               0
HEAVY RAIN                0     RAIN                       1
LIGHT RAIN               12     FREEZING RAIN              0
LT FREEZING RAIN          0     HAIL                       0
HEAVY SNOW                0     SNOW                       0
LIGHT SNOW                0     SLEET                      0
FOG                       8     FOG W/VIS <= 1/4 MILE      0
HAZE                      1

-  INDICATES NEGATIVE NUMBERS.
R  INDICATES RECORD WAS SET OR TIED.
MM INDICATES DATA IS MISSING.
T  INDICATES TRACE AMOUNT.

$$
